CRAN Package Check Results for Package baggr

Last updated on 2022-10-06 22:58:35 CEST.

Flavor Version Tinstall Tcheck Ttotal Status Flags
r-devel-linux-x86_64-debian-clang 0.6.21 594.99 312.11 907.10 NOTE
r-devel-linux-x86_64-debian-gcc 0.6.21 544.86 253.00 797.86 NOTE
r-devel-linux-x86_64-fedora-gcc 0.6.21 1389.62 NOTE
r-devel-windows-x86_64 0.6.21 768.00 433.00 1201.00 NOTE
r-patched-linux-x86_64 0.6.21 454.19 330.91 785.10 NOTE
r-release-linux-x86_64 0.6.21 440.74 332.85 773.59 NOTE
r-release-macos-arm64 0.6.21 327.00 NOTE
r-release-macos-x86_64 0.6.21 524.00 NOTE
r-release-windows-x86_64 0.6.21 388.00 412.00 800.00 NOTE
r-oldrel-macos-arm64 0.6.21 340.00 NOTE
r-oldrel-macos-x86_64 0.6.21 394.00 NOTE
r-oldrel-windows-ix86+x86_64 0.6.21 1314.00 631.00 1945.00 NOTE

Check Details

Version: 0.6.21
Check: for GNU extensions in Makefiles
Result: NOTE
    GNU make is a SystemRequirements.
Flavors: r-devel-linux-x86_64-debian-clang, r-devel-linux-x86_64-debian-gcc, r-devel-linux-x86_64-fedora-gcc, r-devel-windows-x86_64, r-patched-linux-x86_64, r-release-linux-x86_64, r-release-macos-arm64, r-release-macos-x86_64, r-release-windows-x86_64, r-oldrel-macos-arm64, r-oldrel-macos-x86_64, r-oldrel-windows-ix86+x86_64

Version: 0.6.21
Check: installed package size
Result: NOTE
     installed size is 6.6Mb
     sub-directories of 1Mb or more:
     libs 4.9Mb
Flavors: r-devel-windows-x86_64, r-release-macos-arm64, r-release-macos-x86_64, r-release-windows-x86_64, r-oldrel-macos-arm64, r-oldrel-macos-x86_64, r-oldrel-windows-ix86+x86_64