CRAN Package Check Results for Package baguette

Last updated on 2021-07-23 22:53:00 CEST.

Flavor Version Tinstall Tcheck Ttotal Status Flags
r-devel-linux-x86_64-debian-clang 0.1.1 13.09 203.89 216.98 OK
r-devel-linux-x86_64-debian-gcc 0.1.1 10.10 161.50 171.60 OK
r-devel-linux-x86_64-fedora-clang 0.1.1 280.58 OK
r-devel-linux-x86_64-fedora-gcc 0.1.1 263.07 OK
r-devel-windows-x86_64 0.1.1 12.00 168.00 180.00 OK
r-devel-windows-x86_64-gcc10-UCRT 0.1.1 OK
r-patched-linux-x86_64 0.1.1 12.23 193.51 205.74 OK
r-patched-solaris-x86 0.1.1 365.60 OK
r-release-linux-x86_64 0.1.1 11.82 194.47 206.29 OK
r-release-macos-arm64 0.1.0 NOTE
r-release-macos-x86_64 0.1.1 OK
r-release-windows-ix86+x86_64 0.1.1 32.00 239.00 271.00 OK
r-oldrel-macos-x86_64 0.1.1 OK
r-oldrel-windows-ix86+x86_64 0.1.1 32.00 243.00 275.00 OK

Check Details

Version: 0.1.0
Check: LazyData
Result: NOTE
     'LazyData' is specified without a 'data' directory
Flavor: r-release-macos-arm64