Last updated on 2024-04-27 23:16:36 CEST.
Flavor | Version | Tinstall | Tcheck | Ttotal | Status | Flags |
---|---|---|---|---|---|---|
r-devel-linux-x86_64-debian-clang | 0.2.0 | 2.12 | 31.58 | 33.70 | OK | |
r-devel-linux-x86_64-debian-gcc | 0.2.0 | 1.88 | 23.44 | 25.32 | OK | |
r-devel-linux-x86_64-fedora-clang | 0.2.0 | 41.66 | NOTE | |||
r-devel-linux-x86_64-fedora-gcc | 0.2.0 | 39.67 | NOTE | |||
r-devel-windows-x86_64 | 0.2.0 | 3.00 | 48.00 | 51.00 | OK | |
r-patched-linux-x86_64 | 0.2.0 | 2.43 | 29.82 | 32.25 | OK | |
r-release-linux-x86_64 | 0.2.0 | 2.11 | 29.55 | 31.66 | OK | |
r-release-macos-arm64 | 0.2.0 | 17.00 | OK | |||
r-release-windows-x86_64 | 0.2.0 | 3.00 | 48.00 | 51.00 | OK | |
r-oldrel-macos-arm64 | 0.2.0 | 21.00 | OK | |||
r-oldrel-macos-x86_64 | 0.2.0 | 27.00 | OK | |||
r-oldrel-windows-x86_64 | 0.2.0 | 3.00 | 52.00 | 55.00 | OK |
Version: 0.2.0
Check: data for non-ASCII characters
Result: NOTE
Note: found 260 marked UTF-8 strings
Flavors: r-devel-linux-x86_64-fedora-clang, r-devel-linux-x86_64-fedora-gcc