CRAN Package Check Results for Package ballr

Last updated on 2020-01-17 22:50:46 CET.

Flavor Version Tinstall Tcheck Ttotal Status Flags
r-devel-linux-x86_64-debian-clang 0.2.5 2.54 66.76 69.30 OK
r-devel-linux-x86_64-debian-gcc 0.2.5 2.07 51.21 53.28 OK
r-devel-linux-x86_64-fedora-clang 0.2.5 83.81 OK
r-devel-linux-x86_64-fedora-gcc 0.2.5 88.16 OK
r-devel-windows-ix86+x86_64 0.2.5 12.00 101.00 113.00 OK
r-devel-windows-ix86+x86_64-gcc8 0.2.5 8.00 116.00 124.00 OK
r-patched-linux-x86_64 0.2.5 2.07 47.92 49.99 WARN
r-patched-solaris-x86 0.2.5 121.70 OK
r-release-linux-x86_64 0.2.5 1.99 62.57 64.56 OK
r-release-windows-ix86+x86_64 0.2.5 6.00 121.00 127.00 OK
r-release-osx-x86_64 0.2.5 OK
r-oldrel-windows-ix86+x86_64 0.2.5 4.00 119.00 123.00 OK
r-oldrel-osx-x86_64 0.2.5 OK

Check Details

Version: 0.2.5
Check: re-building of vignette outputs
Result: WARN
    Error(s) in re-building vignettes:
     ...
    --- re-building ‘use-ballr.Rmd’ using rmarkdown
    
    Attaching package: 'janitor'
    
    The following objects are masked from 'package:stats':
    
     chisq.test, fisher.test
    
    Quitting from lines 90-96 (use-ballr.Rmd)
    Error: processing vignette 'use-ballr.Rmd' failed with diagnostics:
    Column `g` can't be converted from integer to character
    --- failed re-building ‘use-ballr.Rmd’
    
    SUMMARY: processing the following file failed:
     ‘use-ballr.Rmd’
    
    Error: Vignette re-building failed.
    Execution halted
Flavor: r-patched-linux-x86_64