CRAN Package Check Results for Package ballr

Last updated on 2019-09-14 22:48:20 CEST.

Flavor Version Tinstall Tcheck Ttotal Status Flags
r-devel-linux-x86_64-debian-clang 0.2.3 2.28 64.58 66.86 OK
r-devel-linux-x86_64-debian-gcc 0.2.3 1.89 50.07 51.96 OK
r-devel-linux-x86_64-fedora-clang 0.2.3 80.49 OK
r-devel-linux-x86_64-fedora-gcc 0.2.3 61.11 OK
r-devel-windows-ix86+x86_64 0.2.3 10.00 105.00 115.00 OK
r-patched-linux-x86_64 0.2.3 1.98 63.18 65.16 OK
r-patched-solaris-x86 0.2.3 91.90 WARN
r-release-linux-x86_64 0.2.3 1.68 64.65 66.33 OK
r-release-windows-ix86+x86_64 0.2.3 6.00 87.00 93.00 OK
r-release-osx-x86_64 0.2.3 OK
r-oldrel-windows-ix86+x86_64 0.2.3 6.00 114.00 120.00 OK
r-oldrel-osx-x86_64 0.2.3 OK

Check Details

Version: 0.2.3
Check: re-building of vignette outputs
Result: WARN
    Error(s) in re-building vignettes:
     ...
    --- re-building ‘use-ballr.Rmd’ using rmarkdown
    Warning in engine$weave(file, quiet = quiet, encoding = enc) :
     Pandoc (>= 1.12.3) and/or pandoc-citeproc not available. Falling back to R Markdown v1.
    
    Attaching package: 'janitor'
    
    The following objects are masked from 'package:stats':
    
     chisq.test, fisher.test
    
    Quitting from lines 90-96 (use-ballr.Rmd)
    Error: processing vignette 'use-ballr.Rmd' failed with diagnostics:
    Timeout was reached: Resolving timed out after 10008 milliseconds
    --- failed re-building ‘use-ballr.Rmd’
    
    SUMMARY: processing the following file failed:
     ‘use-ballr.Rmd’
    
    Error: Vignette re-building failed.
    Execution halted
Flavor: r-patched-solaris-x86