Last updated on 2023-11-29 23:02:28 CET.
Flavor | Version | Tinstall | Tcheck | Ttotal | Status | Flags |
---|---|---|---|---|---|---|
r-devel-linux-x86_64-debian-clang | 1.2-2 | 74.70 | 433.86 | 508.56 | OK | |
r-devel-linux-x86_64-debian-gcc | 1.2-2 | 72.51 | 318.47 | 390.98 | OK | |
r-devel-linux-x86_64-fedora-clang | 1.2-2 | 699.54 | NOTE | |||
r-devel-linux-x86_64-fedora-gcc | 1.2-2 | 652.22 | OK | |||
r-devel-windows-x86_64 | 1.2-2 | 65.00 | 297.00 | 362.00 | NOTE | |
r-patched-linux-x86_64 | 1.2-2 | 80.73 | 423.93 | 504.66 | OK | |
r-release-linux-x86_64 | 1.2-2 | 75.21 | 423.11 | 498.32 | OK | |
r-release-macos-arm64 | 1.2-2 | 164.00 | NOTE | |||
r-release-macos-x86_64 | 1.2-2 | 362.00 | NOTE | |||
r-release-windows-x86_64 | 1.2-2 | 97.00 | 394.00 | 491.00 | NOTE | |
r-oldrel-macos-arm64 | 1.2-2 | 152.00 | NOTE | |||
r-oldrel-macos-x86_64 | 1.2-1 | 184.00 | NOTE | |||
r-oldrel-windows-x86_64 | 1.2-2 | 96.00 | 392.00 | 488.00 | NOTE |
Version: 1.2-2
Check: installed package size
Result: NOTE
installed size is 6.2Mb
sub-directories of 1Mb or more:
R 2.5Mb
data 1.3Mb
doc 1.8Mb
Flavors: r-devel-linux-x86_64-fedora-clang, r-devel-windows-x86_64, r-release-macos-arm64, r-release-macos-x86_64, r-release-windows-x86_64, r-oldrel-macos-arm64, r-oldrel-windows-x86_64
Version: 1.2-2
Check: Rd cross-references
Result: NOTE
Undeclared package ‘akima’ in Rd xrefs
Flavor: r-devel-linux-x86_64-fedora-clang
Version: 1.2-1
Check: installed package size
Result: NOTE
installed size is 6.3Mb
sub-directories of 1Mb or more:
R 2.5Mb
data 1.3Mb
doc 1.8Mb
Flavor: r-oldrel-macos-x86_64