CRAN Package Check Results for Package bamlss

Last updated on 2019-12-11 22:51:01 CET.

Flavor Version Tinstall Tcheck Ttotal Status Flags
r-devel-linux-x86_64-debian-clang 1.1-1 66.99 323.15 390.14 OK
r-devel-linux-x86_64-debian-gcc 1.1-1 50.59 236.94 287.53 OK
r-devel-linux-x86_64-fedora-clang 1.1-1 493.78 NOTE
r-devel-linux-x86_64-fedora-gcc 1.1-1 473.80 OK
r-devel-windows-ix86+x86_64 1.1-1 89.00 468.00 557.00 NOTE
r-devel-windows-ix86+x86_64-gcc8 1.1-1 81.00 490.00 571.00 NOTE
r-patched-linux-x86_64 1.1-1 50.87 286.47 337.34 OK
r-patched-solaris-x86 1.1-1 498.70 NOTE
r-release-linux-x86_64 1.1-1 59.32 287.64 346.96 OK
r-release-windows-ix86+x86_64 1.1-1 78.00 318.00 396.00 NOTE
r-release-osx-x86_64 1.1-1 NOTE
r-oldrel-windows-ix86+x86_64 1.1-1 67.00 293.00 360.00 NOTE
r-oldrel-osx-x86_64 1.1-1 NOTE

Check Details

Version: 1.1-1
Check: installed package size
Result: NOTE
     installed size is 5.8Mb
     sub-directories of 1Mb or more:
     R 2.1Mb
     doc 2.0Mb
Flavors: r-devel-linux-x86_64-fedora-clang, r-devel-windows-ix86+x86_64, r-devel-windows-ix86+x86_64-gcc8, r-patched-solaris-x86, r-release-windows-ix86+x86_64, r-release-osx-x86_64, r-oldrel-windows-ix86+x86_64, r-oldrel-osx-x86_64

Version: 1.1-1
Check: dependencies in R code
Result: NOTE
    No protocol specified
    No protocol specified
Flavors: r-release-osx-x86_64, r-oldrel-osx-x86_64