CRAN Package Check Results for Package bannerCommenter

Last updated on 2021-12-06 21:51:06 CET.

Flavor Version Tinstall Tcheck Ttotal Status Flags
r-devel-linux-x86_64-debian-clang 1.0.0 1.96 34.11 36.07 NOTE
r-devel-linux-x86_64-debian-gcc 1.0.0 1.31 27.98 29.29 NOTE
r-devel-linux-x86_64-fedora-clang 1.0.0 46.71 NOTE
r-devel-linux-x86_64-fedora-gcc 1.0.0 35.45 NOTE
r-devel-windows-x86_64-new-UL 1.0.0 8.00 98.00 106.00 NOTE
r-devel-windows-x86_64-new-TK 1.0.0 NOTE
r-devel-windows-x86_64-old 1.0.0 5.00 37.00 42.00 NOTE
r-patched-linux-x86_64 1.0.0 1.87 25.49 27.36 NOTE
r-release-linux-x86_64 1.0.0 2.01 33.30 35.31 NOTE
r-release-macos-arm64 1.0.0 NOTE
r-release-macos-x86_64 1.0.0 NOTE
r-release-windows-ix86+x86_64 1.0.0 6.00 47.00 53.00 NOTE
r-oldrel-macos-x86_64 1.0.0 OK
r-oldrel-windows-ix86+x86_64 1.0.0 21.00 51.00 72.00 OK

Check Details

Version: 1.0.0
Check: LazyData
Result: NOTE
     'LazyData' is specified without a 'data' directory
Flavors: r-devel-linux-x86_64-debian-clang, r-devel-linux-x86_64-debian-gcc, r-devel-linux-x86_64-fedora-clang, r-devel-linux-x86_64-fedora-gcc, r-devel-windows-x86_64-new-UL, r-devel-windows-x86_64-new-TK, r-devel-windows-x86_64-old, r-patched-linux-x86_64, r-release-linux-x86_64, r-release-macos-arm64, r-release-macos-x86_64, r-release-windows-ix86+x86_64