CRAN Package Check Results for Package bapred

Last updated on 2022-09-27 23:08:34 CEST.

Flavor Version Tinstall Tcheck Ttotal Status Flags
r-devel-linux-x86_64-debian-clang 1.1 38.76 335.22 373.98 OK
r-devel-linux-x86_64-debian-gcc 1.1 33.23 249.70 282.93 OK
r-devel-linux-x86_64-fedora-clang 1.1 463.73 OK
r-devel-linux-x86_64-fedora-gcc 1.1 457.82 OK
r-devel-windows-x86_64 1.1 44.00 335.00 379.00 OK
r-patched-linux-x86_64 1.1 30.43 315.38 345.81 OK
r-release-linux-x86_64 1.1 25.75 326.94 352.69 OK
r-release-macos-arm64 1.1 120.00 NOTE
r-release-macos-x86_64 1.1 157.00 NOTE
r-release-windows-x86_64 1.1 48.00 357.00 405.00 OK
r-oldrel-macos-arm64 1.1 100.00 NOTE
r-oldrel-macos-x86_64 1.1 17.00 ERROR
r-oldrel-windows-ix86+x86_64 1.1 75.00 352.00 427.00 OK

Check Details

Version: 1.1
Check: package dependencies
Result: NOTE
    Package suggested but not available for checking: ‘ArrayExpress’
Flavors: r-release-macos-arm64, r-release-macos-x86_64, r-oldrel-macos-arm64, r-oldrel-macos-x86_64

Version: 1.1
Check: whether package can be installed
Result: ERROR
    Installation failed.
Flavor: r-oldrel-macos-x86_64