CRAN Package Check Results for Package bapred

Last updated on 2019-12-10 22:49:26 CET.

Flavor Version Tinstall Tcheck Ttotal Status Flags
r-devel-linux-x86_64-debian-clang 1.0 28.14 270.35 298.49 NOTE
r-devel-linux-x86_64-debian-gcc 1.0 27.82 205.42 233.24 NOTE
r-devel-linux-x86_64-fedora-clang 1.0 369.70 NOTE
r-devel-linux-x86_64-fedora-gcc 1.0 341.28 NOTE
r-devel-windows-ix86+x86_64 1.0 54.00 340.00 394.00 NOTE
r-devel-windows-ix86+x86_64-gcc8 1.0 62.00 258.00 320.00 NOTE
r-patched-linux-x86_64 1.0 26.82 231.86 258.68 NOTE
r-patched-solaris-x86 1.0 463.80 NOTE
r-release-linux-x86_64 1.0 24.62 231.55 256.17 NOTE
r-release-windows-ix86+x86_64 1.0 53.00 237.00 290.00 NOTE
r-release-osx-x86_64 1.0 WARN
r-oldrel-windows-ix86+x86_64 1.0 34.00 221.00 255.00 NOTE
r-oldrel-osx-x86_64 1.0 NOTE

Check Details

Version: 1.0
Check: package dependencies
Result: NOTE
    Package suggested but not available for checking: 'ArrayExpress'
Flavors: r-devel-linux-x86_64-debian-clang, r-devel-linux-x86_64-debian-gcc, r-devel-linux-x86_64-fedora-clang, r-devel-linux-x86_64-fedora-gcc, r-release-osx-x86_64, r-oldrel-osx-x86_64

Version: 1.0
Check: R code for possible problems
Result: NOTE
    extractAffybatch: no visible global function definition for 'new'
    Undefined global functions or variables:
     new
    Consider adding
     importFrom("methods", "new")
    to your NAMESPACE file (and ensure that your DESCRIPTION Imports field
    contains 'methods').
Flavors: r-devel-linux-x86_64-debian-clang, r-devel-linux-x86_64-debian-gcc, r-devel-linux-x86_64-fedora-clang, r-devel-linux-x86_64-fedora-gcc, r-devel-windows-ix86+x86_64, r-devel-windows-ix86+x86_64-gcc8, r-patched-linux-x86_64, r-patched-solaris-x86, r-release-linux-x86_64, r-release-windows-ix86+x86_64, r-release-osx-x86_64, r-oldrel-windows-ix86+x86_64, r-oldrel-osx-x86_64

Version: 1.0
Check: whether package can be installed
Result: WARN
    Found the following significant warnings:
     Warning: package ‘BiocParallel’ was built under R version 3.6.1
Flavor: r-release-osx-x86_64