CRAN Package Check Results for Package basedosdados

Last updated on 2022-08-12 22:55:51 CEST.

Flavor Version Tinstall Tcheck Ttotal Status Flags
r-devel-linux-x86_64-debian-clang 0.2.1 10.36 75.58 85.94 OK
r-devel-linux-x86_64-debian-gcc 0.2.1 7.53 56.09 63.62 OK
r-devel-linux-x86_64-fedora-clang 0.2.1 113.53 NOTE
r-devel-linux-x86_64-fedora-gcc 0.2.1 110.09 NOTE
r-devel-windows-x86_64 0.2.1 25.00 105.00 130.00 OK
r-patched-linux-x86_64 0.2.1 8.85 70.88 79.73 OK
r-release-linux-x86_64 0.2.1 6.67 71.89 78.56 OK
r-release-macos-arm64 0.2.1 32.00 NOTE
r-release-macos-x86_64 0.2.1 62.00 NOTE
r-release-windows-x86_64 0.2.1 36.00 110.00 146.00 OK
r-oldrel-macos-arm64 0.2.1 27.00 NOTE
r-oldrel-macos-x86_64 0.2.1 40.00 NOTE
r-oldrel-windows-ix86+x86_64 0.2.1 23.00 94.00 117.00 OK

Check Details

Version: 0.2.1
Check: package dependencies
Result: NOTE
    Imports includes 21 non-default packages.
    Importing from so many packages makes the package vulnerable to any of
    them becoming unavailable. Move as many as possible to Suggests and
    use conditionally.
Flavor: r-devel-linux-x86_64-fedora-clang

Version: 0.2.1
Check: dependencies in R code
Result: NOTE
    Namespaces in Imports field not imported from:
     ‘Rcpp’ ‘dbplyr’ ‘dotenv’ ‘googleAuthR’ ‘writexl’ ‘xml2’
     All declared Imports should be used.
Flavors: r-devel-linux-x86_64-fedora-clang, r-devel-linux-x86_64-fedora-gcc, r-release-macos-arm64, r-release-macos-x86_64, r-oldrel-macos-arm64, r-oldrel-macos-x86_64

Version: 0.2.1
Check: Rd cross-references
Result: NOTE
    Undeclared packages ‘jsonlite’, ‘arrow’ in Rd xrefs
Flavor: r-devel-linux-x86_64-fedora-clang