CRAN Package Check Results for Package bayes4psy

Last updated on 2019-09-17 22:48:02 CEST.

Flavor Version Tinstall Tcheck Ttotal Status Flags
r-devel-linux-x86_64-debian-clang 1.1.1 440.89 153.45 594.34 NOTE
r-devel-linux-x86_64-debian-gcc 1.1.1 463.75 131.27 595.02 NOTE
r-devel-linux-x86_64-fedora-clang 1.1.1 923.49 NOTE
r-devel-linux-x86_64-fedora-gcc 1.1.1 1017.15 NOTE
r-devel-windows-ix86+x86_64 1.1.1 1131.00 425.00 1556.00 NOTE
r-patched-linux-x86_64 1.1.1 466.37 167.85 634.22 NOTE
r-patched-solaris-x86 1.1.1 841.90 NOTE
r-release-linux-x86_64 1.1.1 464.17 166.91 631.08 NOTE
r-release-windows-ix86+x86_64 1.1.1 755.00 310.00 1065.00 NOTE
r-release-osx-x86_64 1.1.1 NOTE
r-oldrel-windows-ix86+x86_64 1.1.1 1056.00 390.00 1446.00 NOTE
r-oldrel-osx-x86_64 1.1.1 NOTE

Check Details

Version: 1.1.1
Check: for GNU extensions in Makefiles
Result: NOTE
    GNU make is a SystemRequirements.
Flavors: r-devel-linux-x86_64-debian-clang, r-devel-linux-x86_64-debian-gcc, r-devel-linux-x86_64-fedora-clang, r-devel-linux-x86_64-fedora-gcc, r-devel-windows-ix86+x86_64, r-patched-linux-x86_64, r-patched-solaris-x86, r-release-linux-x86_64, r-release-windows-ix86+x86_64, r-release-osx-x86_64, r-oldrel-windows-ix86+x86_64, r-oldrel-osx-x86_64

Version: 1.1.1
Check: installed package size
Result: NOTE
     installed size is 70.2Mb
     sub-directories of 1Mb or more:
     libs 69.2Mb
Flavors: r-devel-linux-x86_64-fedora-clang, r-devel-windows-ix86+x86_64, r-patched-solaris-x86, r-release-windows-ix86+x86_64, r-release-osx-x86_64, r-oldrel-windows-ix86+x86_64, r-oldrel-osx-x86_64

Version: 1.1.1
Check: dependencies in R code
Result: NOTE
    Namespace in Imports field not imported from: ‘utils’
     All declared Imports should be used.
Flavors: r-devel-linux-x86_64-fedora-clang, r-devel-linux-x86_64-fedora-gcc, r-patched-solaris-x86, r-release-osx-x86_64, r-oldrel-osx-x86_64