CRAN Package Check Results for Package bayesDccGarch

Last updated on 2019-09-20 22:49:56 CEST.

Flavor Version Tinstall Tcheck Ttotal Status Flags
r-devel-linux-x86_64-debian-clang 2.0 7.14 28.80 35.94 NOTE
r-devel-linux-x86_64-debian-gcc 2.0 3.36 22.46 25.82 NOTE
r-devel-linux-x86_64-fedora-clang 2.0 45.32 NOTE
r-devel-linux-x86_64-fedora-gcc 2.0 40.97 NOTE
r-devel-windows-ix86+x86_64 2.0 18.00 61.00 79.00 NOTE
r-patched-linux-x86_64 2.0 3.66 28.90 32.56 NOTE
r-patched-solaris-x86 2.0 70.50 NOTE
r-release-linux-x86_64 2.0 4.02 28.78 32.80 NOTE
r-release-windows-ix86+x86_64 2.0 13.00 82.00 95.00 NOTE
r-release-osx-x86_64 2.0 NOTE
r-oldrel-windows-ix86+x86_64 2.0 12.00 82.00 94.00 NOTE
r-oldrel-osx-x86_64 2.0 NOTE

Check Details

Version: 2.0
Check: DESCRIPTION meta-information
Result: NOTE
    BugReports field is not a suitable URL but contains an email address:
     use the Contact field instead
Flavors: r-devel-linux-x86_64-debian-clang, r-devel-linux-x86_64-debian-gcc, r-devel-linux-x86_64-fedora-clang, r-devel-linux-x86_64-fedora-gcc, r-devel-windows-ix86+x86_64, r-patched-linux-x86_64

Version: 2.0
Check: compiled code
Result: NOTE
    File ‘bayesDccGarch/libs/bayesDccGarch.so’:
     Found no calls to: ‘R_registerRoutines’, ‘R_useDynamicSymbols’
    
    It is good practice to register native routines and to disable symbol
    search.
    
    See ‘Writing portable packages’ in the ‘Writing R Extensions’ manual.
Flavors: r-devel-linux-x86_64-fedora-clang, r-devel-linux-x86_64-fedora-gcc

Version: 2.0
Check: DESCRIPTION meta-information
Result: NOTE
    BugReports field is not a suitable URL but contains an email address
     which will be used as from R 3.4.0
Flavors: r-patched-solaris-x86, r-release-linux-x86_64, r-release-windows-ix86+x86_64, r-release-osx-x86_64, r-oldrel-windows-ix86+x86_64, r-oldrel-osx-x86_64