CRAN Package Check Results for Package bayesDem

Last updated on 2019-09-20 22:49:56 CEST.

Flavor Version Tinstall Tcheck Ttotal Status Flags
r-devel-linux-x86_64-debian-clang 2.5-1 19.76 121.49 141.25 OK
r-devel-linux-x86_64-debian-gcc 2.5-1 17.53 95.04 112.57 OK
r-devel-linux-x86_64-fedora-clang 2.5-1 173.01 OK
r-devel-linux-x86_64-fedora-gcc 2.5-1 167.65 OK
r-devel-windows-ix86+x86_64 2.5-1 136.00 5.00 141.00 ERROR
r-patched-linux-x86_64 2.5-1 17.26 118.28 135.54 OK
r-patched-solaris-x86 2.5-1 261.90 OK
r-release-linux-x86_64 2.5-1 17.43 119.35 136.78 OK
r-release-windows-ix86+x86_64 2.5-1 36.00 131.00 167.00 OK
r-release-osx-x86_64 2.5-1 OK
r-oldrel-windows-ix86+x86_64 2.5-1 27.00 143.00 170.00 OK
r-oldrel-osx-x86_64 2.5-1 OK

Check Details

Version: 2.5-1
Check: whether package can be installed
Result: ERROR
    Installation failed.
Flavor: r-devel-windows-ix86+x86_64