Last updated on 2023-12-06 23:11:53 CET.
Flavor | Version | Tinstall | Tcheck | Ttotal | Status | Flags |
---|---|---|---|---|---|---|
r-devel-linux-x86_64-debian-clang | 5.2-0 | 12.94 | 97.89 | 110.83 | NOTE | |
r-devel-linux-x86_64-debian-gcc | 5.2-0 | 8.94 | 72.45 | 81.39 | NOTE | |
r-devel-linux-x86_64-fedora-clang | 5.2-0 | 146.20 | OK | |||
r-devel-linux-x86_64-fedora-gcc | 5.2-0 | 131.16 | OK | |||
r-devel-windows-x86_64 | 5.2-0 | 15.00 | 104.00 | 119.00 | OK | |
r-patched-linux-x86_64 | 5.2-0 | 12.81 | 93.43 | 106.24 | OK | |
r-release-linux-x86_64 | 5.2-0 | 9.74 | 93.79 | 103.53 | OK | |
r-release-macos-arm64 | 5.2-0 | 43.00 | OK | |||
r-release-macos-x86_64 | 5.2-0 | 107.00 | OK | |||
r-release-windows-x86_64 | 5.2-0 | 20.00 | 121.00 | 141.00 | OK | |
r-oldrel-macos-arm64 | 5.2-0 | 45.00 | OK | |||
r-oldrel-macos-x86_64 | 5.2-0 | 59.00 | OK | |||
r-oldrel-windows-x86_64 | 5.2-0 | 20.00 | 119.00 | 139.00 | OK |
Version: 5.2-0
Check: Rd files
Result: NOTE
checkRd: (-1) convert.trajectories.Rd:21: Lost braces in \itemize; meant \describe ?
checkRd: (-1) convert.trajectories.Rd:22: Lost braces in \itemize; meant \describe ?
checkRd: (-1) convert.trajectories.Rd:23: Lost braces in \itemize; meant \describe ?
checkRd: (-1) convert.trajectories.Rd:24: Lost braces in \itemize; meant \describe ?
checkRd: (-1) convert.trajectories.Rd:25: Lost braces in \itemize; meant \describe ?
checkRd: (-1) write.projection.summary.Rd:21: Lost braces in \itemize; meant \describe ?
checkRd: (-1) write.projection.summary.Rd:22: Lost braces in \itemize; meant \describe ?
checkRd: (-1) write.projection.summary.Rd:23: Lost braces in \itemize; meant \describe ?
checkRd: (-1) write.projection.summary.Rd:24: Lost braces in \itemize; meant \describe ?
checkRd: (-1) write.projection.summary.Rd:25: Lost braces in \itemize; meant \describe ?
checkRd: (-1) write.projection.summary.Rd:26: Lost braces in \itemize; meant \describe ?
checkRd: (-1) write.projection.summary.Rd:30: Lost braces in \itemize; meant \describe ?
checkRd: (-1) write.projection.summary.Rd:31: Lost braces in \itemize; meant \describe ?
checkRd: (-1) write.projection.summary.Rd:32: Lost braces in \itemize; meant \describe ?
checkRd: (-1) write.projection.summary.Rd:33: Lost braces in \itemize; meant \describe ?
checkRd: (-1) write.projection.summary.Rd:34: Lost braces in \itemize; meant \describe ?
Flavors: r-devel-linux-x86_64-debian-clang, r-devel-linux-x86_64-debian-gcc