Last updated on 2023-10-04 00:01:41 CEST.
Flavor | Version | Tinstall | Tcheck | Ttotal | Status | Flags |
---|---|---|---|---|---|---|
r-devel-linux-x86_64-debian-clang | 0.4.1 | 91.46 | 61.62 | 153.08 | OK | |
r-devel-linux-x86_64-debian-gcc | 0.4.1 | 71.26 | 49.63 | 120.89 | OK | |
r-devel-linux-x86_64-fedora-clang | 0.4.1 | 243.09 | OK | |||
r-devel-linux-x86_64-fedora-gcc | 0.4.1 | 242.64 | OK | |||
r-devel-windows-x86_64 | 0.4.1 | 70.00 | 92.00 | 162.00 | OK | |
r-patched-linux-x86_64 | 0.4.1 | 97.66 | 63.54 | 161.20 | OK | |
r-release-linux-x86_64 | 0.4.1 | 100.27 | 63.58 | 163.85 | OK | |
r-release-macos-arm64 | 0.4.1 | 73.00 | NOTE | |||
r-release-macos-x86_64 | 0.4.1 | 120.00 | NOTE | |||
r-release-windows-x86_64 | 0.4.1 | 95.00 | 104.00 | 199.00 | OK | |
r-oldrel-macos-arm64 | 0.4.1 | 58.00 | NOTE | |||
r-oldrel-macos-x86_64 | 0.4.1 | 83.00 | NOTE | |||
r-oldrel-windows-x86_64 | 0.4.1 | 85.00 | 100.00 | 185.00 | OK |
Version: 0.4.1
Check: installed package size
Result: NOTE
installed size is 9.7Mb
sub-directories of 1Mb or more:
libs 9.1Mb
Flavors: r-release-macos-arm64, r-release-macos-x86_64, r-oldrel-macos-arm64, r-oldrel-macos-x86_64