CRAN Package Check Results for Package bayesTFR

Last updated on 2024-06-13 22:49:20 CEST.

Flavor Version Tinstall Tcheck Ttotal Status Flags
r-devel-linux-x86_64-debian-clang 7.4-2 20.46 136.17 156.63 OK
r-devel-linux-x86_64-debian-gcc 7.4-2 16.50 95.76 112.26 NOTE
r-devel-linux-x86_64-fedora-clang 7.4-2 204.75 NOTE
r-devel-linux-x86_64-fedora-gcc 7.4-2 184.48 OK
r-devel-windows-x86_64 7.4-2 21.00 111.00 132.00 OK
r-patched-linux-x86_64 7.4-2 19.40 131.86 151.26 OK
r-release-linux-x86_64 7.4-2 19.24 128.09 147.33 OK
r-release-macos-arm64 7.4-2 50.00 NOTE
r-release-macos-x86_64 7.4-2 83.00 NOTE
r-release-windows-x86_64 7.4-2 21.00 110.00 131.00 OK
r-oldrel-macos-arm64 7.4-2 54.00 NOTE
r-oldrel-macos-x86_64 7.4-2 117.00 NOTE
r-oldrel-windows-x86_64 7.4-2 28.00 142.00 170.00 OK

Check Details

Version: 7.4-2
Check: package dependencies
Result: NOTE Package suggested but not available for checking: ‘ggplot2’ Flavor: r-devel-linux-x86_64-debian-gcc

Version: 7.4-2
Check: installed package size
Result: NOTE installed size is 5.8Mb sub-directories of 1Mb or more: ex-data 4.7Mb Flavors: r-devel-linux-x86_64-fedora-clang, r-release-macos-arm64, r-release-macos-x86_64, r-oldrel-macos-arm64, r-oldrel-macos-x86_64