Last updated on 2023-09-20 21:52:44 CEST.
Flavor | Version | Tinstall | Tcheck | Ttotal | Status | Flags |
---|---|---|---|---|---|---|
r-devel-linux-x86_64-debian-clang | 7.4-0 | 24.18 | 129.17 | 153.35 | OK | |
r-devel-linux-x86_64-debian-gcc | 7.4-0 | 16.62 | 91.73 | 108.35 | OK | |
r-devel-linux-x86_64-fedora-clang | 7.4-0 | 140.32 | NOTE | |||
r-devel-linux-x86_64-fedora-gcc | 7.4-0 | 98.06 | OK | |||
r-devel-windows-x86_64 | 7.4-0 | 21.00 | 112.00 | 133.00 | OK | |
r-patched-linux-x86_64 | 7.4-0 | 20.24 | 122.00 | 142.24 | OK | |
r-release-linux-x86_64 | 7.4-0 | 20.90 | 121.10 | 142.00 | OK | |
r-release-macos-arm64 | 7.4-0 | 50.00 | NOTE | |||
r-release-macos-x86_64 | 7.4-0 | 114.00 | NOTE | |||
r-release-windows-x86_64 | 7.4-0 | 29.00 | 135.00 | 164.00 | OK | |
r-oldrel-macos-arm64 | 7.4-0 | 54.00 | NOTE | |||
r-oldrel-macos-x86_64 | 7.4-0 | 68.00 | NOTE | |||
r-oldrel-windows-x86_64 | 7.4-0 | 36.00 | 154.00 | 190.00 | OK |
Version: 7.4-0
Check: installed package size
Result: NOTE
installed size is 5.8Mb
sub-directories of 1Mb or more:
ex-data 4.7Mb
Flavors: r-devel-linux-x86_64-fedora-clang, r-release-macos-arm64, r-release-macos-x86_64, r-oldrel-macos-arm64, r-oldrel-macos-x86_64