Last updated on 2023-09-30 22:59:01 CEST.
Flavor | Version | Tinstall | Tcheck | Ttotal | Status | Flags |
---|---|---|---|---|---|---|
r-devel-linux-x86_64-debian-clang | 0.1.3 | 226.24 | 30.95 | 257.19 | NOTE | |
r-devel-linux-x86_64-debian-gcc | 0.1.3 | 149.12 | 23.91 | 173.03 | NOTE | |
r-devel-linux-x86_64-fedora-clang | 0.1.3 | 390.47 | NOTE | |||
r-devel-linux-x86_64-fedora-gcc | 0.1.3 | 389.56 | NOTE | |||
r-devel-windows-x86_64 | 0.1.3 | 159.00 | 65.00 | 224.00 | NOTE | |
r-patched-linux-x86_64 | 0.1.3 | 210.56 | 30.23 | 240.79 | NOTE | |
r-release-linux-x86_64 | 0.1.3 | 212.41 | 30.88 | 243.29 | NOTE | |
r-release-macos-arm64 | 0.1.3 | 79.00 | NOTE | |||
r-release-macos-x86_64 | 0.1.3 | 138.00 | NOTE | |||
r-release-windows-x86_64 | 0.1.3 | 203.00 | 75.00 | 278.00 | NOTE | |
r-oldrel-macos-arm64 | 0.1.3 | 70.00 | NOTE | |||
r-oldrel-macos-x86_64 | 0.1.3 | 98.00 | NOTE | |||
r-oldrel-windows-x86_64 | 0.1.3 | 202.00 | 71.00 | 273.00 | OK |
Version: 0.1.3
Check: C++ specification
Result: NOTE
Specified C++11: please drop specification unless essential
Flavors: r-devel-linux-x86_64-debian-clang, r-devel-linux-x86_64-debian-gcc, r-devel-linux-x86_64-fedora-clang, r-devel-linux-x86_64-fedora-gcc, r-devel-windows-x86_64, r-patched-linux-x86_64, r-release-linux-x86_64, r-release-macos-arm64, r-release-macos-x86_64, r-release-windows-x86_64
Version: 0.1.3
Check: installed package size
Result: NOTE
installed size is 6.4Mb
sub-directories of 1Mb or more:
libs 6.3Mb
Flavors: r-release-macos-arm64, r-release-macos-x86_64, r-oldrel-macos-arm64, r-oldrel-macos-x86_64