Last updated on 2024-04-19 22:55:39 CEST.
Flavor | Version | Tinstall | Tcheck | Ttotal | Status | Flags |
---|---|---|---|---|---|---|
r-devel-linux-x86_64-debian-clang | 1.0.3 | 4.97 | 23.64 | 28.61 | NOTE | |
r-devel-linux-x86_64-debian-gcc | 1.0.3 | NOTE | ||||
r-devel-linux-x86_64-fedora-clang | 1.0.3 | 39.90 | NOTE | |||
r-devel-linux-x86_64-fedora-gcc | 1.0.3 | 36.81 | NOTE | |||
r-prerel-macos-arm64 | 1.0.3 | 15.00 | NOTE | |||
r-prerel-windows-x86_64 | 1.0.3 | 8.00 | 42.00 | 50.00 | NOTE | |
r-patched-linux-x86_64 | 1.0.3 | 5.64 | 23.17 | 28.81 | NOTE | |
r-release-linux-x86_64 | 1.0.3 | 4.68 | 23.47 | 28.15 | NOTE | |
r-release-macos-arm64 | 1.0.3 | 20.00 | NOTE | |||
r-release-macos-x86_64 | 1.0.3 | 22.00 | NOTE | |||
r-release-windows-x86_64 | 1.0.3 | 7.00 | 58.00 | 65.00 | NOTE | |
r-oldrel-macos-arm64 | 1.0.3 | 18.00 | OK | |||
r-oldrel-windows-x86_64 | 1.0.3 | 9.00 | 60.00 | 69.00 | OK |
Version: 1.0.3
Check: C++ specification
Result: NOTE
Specified C++11: please drop specification unless essential
Flavors: r-devel-linux-x86_64-debian-clang, r-devel-linux-x86_64-debian-gcc, r-devel-linux-x86_64-fedora-clang, r-devel-linux-x86_64-fedora-gcc, r-prerel-macos-arm64, r-prerel-windows-x86_64, r-patched-linux-x86_64, r-release-linux-x86_64, r-release-macos-arm64, r-release-macos-x86_64, r-release-windows-x86_64
Version: 1.0.3
Check: compiled code
Result: NOTE
File ‘bayesianETAS/libs/bayesianETAS.so’:
Found no calls to: ‘R_registerRoutines’, ‘R_useDynamicSymbols’
It is good practice to register native routines and to disable symbol
search.
See ‘Writing portable packages’ in the ‘Writing R Extensions’ manual.
Flavors: r-devel-linux-x86_64-fedora-clang, r-devel-linux-x86_64-fedora-gcc