CRAN Package Check Results for Package bayesianETAS

Last updated on 2024-07-20 21:55:58 CEST.

Flavor Version Tinstall Tcheck Ttotal Status Flags
r-devel-linux-x86_64-debian-clang 1.0.3 6.06 24.39 30.45 NOTE
r-devel-linux-x86_64-debian-gcc 1.0.3 3.48 18.63 22.11 NOTE
r-devel-linux-x86_64-fedora-clang 1.0.3 42.17 NOTE
r-devel-linux-x86_64-fedora-gcc 1.0.3 38.89 NOTE
r-devel-windows-x86_64 1.0.3 7.00 42.00 49.00 NOTE
r-patched-linux-x86_64 1.0.3 4.12 22.79 26.91 NOTE
r-release-linux-x86_64 1.0.3 5.09 24.61 29.70 NOTE
r-release-macos-arm64 1.0.3 15.00 NOTE
r-release-macos-x86_64 1.0.3 22.00 NOTE
r-release-windows-x86_64 1.0.3 6.00 41.00 47.00 NOTE
r-oldrel-macos-arm64 1.0.3 20.00 NOTE
r-oldrel-macos-x86_64 1.0.3 22.00 NOTE
r-oldrel-windows-x86_64 1.0.3 7.00 58.00 65.00 NOTE

Check Details

Version: 1.0.3
Check: C++ specification
Result: NOTE Specified C++11: please drop specification unless essential Flavors: r-devel-linux-x86_64-debian-clang, r-devel-linux-x86_64-debian-gcc, r-devel-linux-x86_64-fedora-clang, r-devel-linux-x86_64-fedora-gcc, r-devel-windows-x86_64, r-patched-linux-x86_64, r-release-linux-x86_64, r-release-macos-arm64, r-release-macos-x86_64, r-release-windows-x86_64, r-oldrel-macos-arm64, r-oldrel-macos-x86_64, r-oldrel-windows-x86_64

Version: 1.0.3
Check: compiled code
Result: NOTE File ‘bayesianETAS/libs/bayesianETAS.so’: Found no calls to: ‘R_registerRoutines’, ‘R_useDynamicSymbols’ It is good practice to register native routines and to disable symbol search. See ‘Writing portable packages’ in the ‘Writing R Extensions’ manual. Flavors: r-devel-linux-x86_64-fedora-clang, r-devel-linux-x86_64-fedora-gcc