CRAN Package Check Results for Package bayeslincom

Last updated on 2021-06-19 22:56:21 CEST.

Flavor Version Tinstall Tcheck Ttotal Status Flags
r-devel-linux-x86_64-debian-clang 1.1.0 4.29 58.32 62.61 NOTE
r-devel-linux-x86_64-debian-gcc 1.1.0 3.23 43.17 46.40 NOTE
r-devel-linux-x86_64-fedora-clang 1.1.0 82.37 NOTE
r-devel-linux-x86_64-fedora-gcc 1.1.0 69.87 NOTE
r-devel-windows-x86_64 1.1.0 9.00 81.00 90.00 NOTE
r-devel-windows-x86_64-gcc10-UCRT 1.1.0 NOTE
r-patched-linux-x86_64 1.1.0 4.37 52.99 57.36 NOTE
r-patched-solaris-x86 1.1.0 104.80 NOTE
r-release-linux-x86_64 1.1.0 4.03 53.30 57.33 NOTE
r-release-macos-arm64 1.1.0 NOTE
r-release-macos-x86_64 1.1.0 NOTE
r-release-windows-ix86+x86_64 1.1.0 13.00 75.00 88.00 NOTE
r-oldrel-macos-x86_64 1.1.0 OK
r-oldrel-windows-ix86+x86_64 1.1.0 11.00 78.00 89.00 OK

Check Details

Version: 1.1.0
Check: LazyData
Result: NOTE
     'LazyData' is specified without a 'data' directory
Flavors: r-devel-linux-x86_64-debian-clang, r-devel-linux-x86_64-debian-gcc, r-devel-linux-x86_64-fedora-clang, r-devel-linux-x86_64-fedora-gcc, r-devel-windows-x86_64, r-devel-windows-x86_64-gcc10-UCRT, r-patched-linux-x86_64, r-patched-solaris-x86, r-release-linux-x86_64, r-release-macos-arm64, r-release-macos-x86_64, r-release-windows-ix86+x86_64