CRAN Package Check Results for Package baystability

Last updated on 2019-12-11 22:51:01 CET.

Flavor Version Tinstall Tcheck Ttotal Status Flags
r-devel-linux-x86_64-debian-clang 0.1.0 13.06 107.39 120.45 OK
r-devel-linux-x86_64-debian-gcc 0.1.0 11.22 83.91 95.13 OK
r-devel-linux-x86_64-fedora-clang 0.1.0 148.99 NOTE
r-devel-linux-x86_64-fedora-gcc 0.1.0 147.82 NOTE
r-devel-windows-ix86+x86_64 0.1.0 29.00 174.00 203.00 OK
r-devel-windows-ix86+x86_64-gcc8 0.1.0 46.00 167.00 213.00 OK
r-patched-linux-x86_64 0.1.0 11.75 97.31 109.06 OK
r-patched-solaris-x86 0.1.0 203.60 NOTE
r-release-linux-x86_64 0.1.0 10.82 96.45 107.27 OK
r-release-windows-ix86+x86_64 0.1.0 28.00 105.00 133.00 OK
r-release-osx-x86_64 0.1.0 NOTE
r-oldrel-windows-ix86+x86_64 0.1.0 16.00 102.00 118.00 OK
r-oldrel-osx-x86_64 0.1.0 NOTE

Check Details

Version: 0.1.0
Check: dependencies in R code
Result: NOTE
    Namespaces in Imports field not imported from:
     ‘ggfortify’ ‘ggplot2’ ‘matrixStats’ ‘reshape2’ ‘scales’
     All declared Imports should be used.
Flavors: r-devel-linux-x86_64-fedora-clang, r-devel-linux-x86_64-fedora-gcc, r-patched-solaris-x86, r-release-osx-x86_64, r-oldrel-osx-x86_64