CRAN Package Check Results for Package baystability

Last updated on 2019-08-17 22:46:22 CEST.

Flavor Version Tinstall Tcheck Ttotal Status Flags
r-devel-linux-x86_64-debian-clang 0.1.0 10.20 95.53 105.73 OK
r-devel-linux-x86_64-debian-gcc 0.1.0 8.49 73.86 82.35 OK
r-devel-linux-x86_64-fedora-clang 0.1.0 127.33 NOTE
r-devel-linux-x86_64-fedora-gcc 0.1.0 123.03 NOTE
r-devel-windows-ix86+x86_64 0.1.0 37.00 153.00 190.00 OK
r-patched-linux-x86_64 0.1.0 9.43 92.21 101.64 OK
r-patched-solaris-x86 0.1.0 188.30 NOTE
r-release-linux-x86_64 0.1.0 9.30 91.92 101.22 OK
r-release-windows-ix86+x86_64 0.1.0 24.00 148.00 172.00 OK
r-release-osx-x86_64 0.1.0 NOTE
r-oldrel-windows-ix86+x86_64 0.1.0 22.00 137.00 159.00 OK
r-oldrel-osx-x86_64 0.1.0 NOTE

Check Details

Version: 0.1.0
Check: dependencies in R code
Result: NOTE
    Namespaces in Imports field not imported from:
     ‘ggfortify’ ‘ggplot2’ ‘matrixStats’ ‘reshape2’ ‘scales’
     All declared Imports should be used.
Flavors: r-devel-linux-x86_64-fedora-clang, r-devel-linux-x86_64-fedora-gcc, r-patched-solaris-x86, r-release-osx-x86_64, r-oldrel-osx-x86_64