Last updated on 2023-09-29 21:53:48 CEST.
Flavor | Version | Tinstall | Tcheck | Ttotal | Status | Flags |
---|---|---|---|---|---|---|
r-devel-linux-x86_64-debian-clang | 1.0.25 | 13.84 | 289.23 | 303.07 | OK | |
r-devel-linux-x86_64-debian-gcc | 1.0.25 | 11.26 | 223.76 | 235.02 | OK | |
r-devel-linux-x86_64-fedora-clang | 1.0.25 | 365.93 | OK | |||
r-devel-linux-x86_64-fedora-gcc | 1.0.25 | 423.32 | OK | |||
r-devel-windows-x86_64 | 1.0.25 | 14.00 | 249.00 | 263.00 | OK | |
r-patched-linux-x86_64 | 1.0.25 | 15.74 | 280.47 | 296.21 | OK | |
r-release-linux-x86_64 | 1.0.25 | 16.78 | 285.35 | 302.13 | OK | |
r-release-macos-arm64 | 1.0.25 | 118.00 | OK | |||
r-release-macos-x86_64 | 1.0.25 | 189.00 | NOTE | |||
r-release-windows-x86_64 | 1.0.25 | 19.00 | 304.00 | 323.00 | OK | |
r-oldrel-macos-arm64 | 1.0.25 | 113.00 | OK | |||
r-oldrel-macos-x86_64 | 1.0.25 | 165.00 | OK | |||
r-oldrel-windows-x86_64 | 1.0.25 | 19.00 | 304.00 | 323.00 | OK |
Version: 1.0.25
Check: package dependencies
Result: NOTE
Packages suggested but not available for checking:
'emdbook', 'rms', 'AICcmodavg'
Flavor: r-release-macos-x86_64
Version: 1.0.25
Check: re-building of vignette outputs
Result: NOTE
Note: skipping ‘quasi.Rnw’ due to unavailable dependencies: 'AICcmodavg'
Flavor: r-release-macos-x86_64