Last updated on 2024-04-24 23:00:15 CEST.
Flavor | Version | Tinstall | Tcheck | Ttotal | Status | Flags |
---|---|---|---|---|---|---|
r-devel-linux-x86_64-debian-clang | 0.5.0 | 4.82 | 51.50 | 56.32 | NOTE | |
r-devel-linux-x86_64-debian-gcc | 0.5.0 | 3.45 | 37.06 | 40.51 | NOTE | |
r-devel-linux-x86_64-fedora-clang | 0.5.0 | 68.64 | NOTE | |||
r-devel-linux-x86_64-fedora-gcc | 0.5.0 | 65.51 | NOTE | |||
r-devel-windows-x86_64 | 0.5.0 | 4.00 | 58.00 | 62.00 | NOTE | |
r-patched-linux-x86_64 | 0.5.0 | 5.04 | 49.28 | 54.32 | NOTE | |
r-release-linux-x86_64 | 0.5.0 | 5.16 | 49.57 | 54.73 | OK | |
r-release-macos-arm64 | 0.5.0 | 26.00 | OK | |||
r-release-windows-x86_64 | 0.5.0 | 5.00 | 55.00 | 60.00 | NOTE | |
r-oldrel-macos-arm64 | 0.5.0 | 26.00 | OK | |||
r-oldrel-macos-x86_64 | 0.5.0 | 35.00 | OK | |||
r-oldrel-windows-x86_64 | 0.5.0 | 4.00 | 65.00 | 69.00 | OK |
Version: 0.5.0
Check: Rd files
Result: NOTE
checkRd: (-1) goftype1.Rd:4: Lost braces
4 | \description{The goodness-of-fit (GOF) measures consist of Anderson-Darling (\code{AD}) and Cram\'{e}er-von Misses (\code{CVM}) statistics for progressive type-I interval censoring scheme are given, respectively, by
| ^
Flavors: r-devel-linux-x86_64-debian-clang, r-devel-linux-x86_64-debian-gcc, r-devel-linux-x86_64-fedora-clang, r-devel-linux-x86_64-fedora-gcc, r-devel-windows-x86_64, r-patched-linux-x86_64, r-release-windows-x86_64