Last updated on 2022-08-08 22:54:42 CEST.
Flavor | Version | Tinstall | Tcheck | Ttotal | Status | Flags |
---|---|---|---|---|---|---|
r-devel-linux-x86_64-debian-clang | 4.0.3 | 96.86 | 46.13 | 142.99 | OK | |
r-devel-linux-x86_64-debian-gcc | 4.0.3 | 87.54 | 33.49 | 121.03 | OK | |
r-devel-linux-x86_64-fedora-clang | 4.0.3 | 228.27 | OK | |||
r-devel-linux-x86_64-fedora-gcc | 4.0.3 | 210.50 | OK | |||
r-devel-windows-x86_64 | 4.0.3 | 96.00 | 90.00 | 186.00 | OK | |
r-patched-linux-x86_64 | 4.0.3 | 91.85 | 43.30 | 135.15 | OK | |
r-release-linux-x86_64 | 4.0.3 | OK | ||||
r-release-macos-arm64 | 4.0.3 | 53.00 | NOTE | |||
r-release-macos-x86_64 | 4.0.3 | 72.00 | NOTE | |||
r-release-windows-x86_64 | 4.0.3 | 88.00 | 92.00 | 180.00 | OK | |
r-oldrel-macos-arm64 | 4.0.3 | 61.00 | NOTE | |||
r-oldrel-macos-x86_64 | 4.0.3 | 99.00 | OK | |||
r-oldrel-windows-ix86+x86_64 | 4.0.3 | 259.00 | 110.00 | 369.00 | OK |
Version: 4.0.3
Check: package dependencies
Result: NOTE
Package suggested but not available for checking: ‘DNAcopy’
Flavor: r-release-macos-arm64
Version: 4.0.3
Check: installed package size
Result: NOTE
installed size is 5.4Mb
sub-directories of 1Mb or more:
libs 5.1Mb
Flavors: r-release-macos-arm64, r-release-macos-x86_64, r-oldrel-macos-arm64