CRAN Package Check Results for Package bcrm

Last updated on 2021-10-20 23:50:03 CEST.

Flavor Version Tinstall Tcheck Ttotal Status Flags
r-devel-linux-x86_64-debian-clang 0.5.4 7.19 60.43 67.62 OK
r-devel-linux-x86_64-debian-gcc 0.5.4 5.74 44.59 50.33 OK
r-devel-linux-x86_64-fedora-clang 0.5.4 92.71 NOTE
r-devel-linux-x86_64-fedora-gcc 0.5.4 76.88 NOTE
r-devel-windows-x86_64 0.5.4 14.00 80.00 94.00 OK
r-devel-windows-x86_64-gcc10-UCRT 0.5.4 NOTE
r-patched-linux-x86_64 0.5.4 9.36 57.01 66.37 OK
r-patched-solaris-x86 0.5.4 112.20 NOTE
r-release-linux-x86_64 0.5.4 6.57 57.33 63.90 OK
r-release-macos-arm64 0.5.4 NOTE
r-release-macos-x86_64 0.5.4 NOTE
r-release-windows-ix86+x86_64 0.5.4 13.00 77.00 90.00 OK
r-oldrel-macos-x86_64 0.5.4 NOTE
r-oldrel-windows-ix86+x86_64 0.5.4 18.00 91.00 109.00 OK

Check Details

Version: 0.5.4
Check: dependencies in R code
Result: NOTE
    Namespaces in Imports field not imported from:
     ‘knitr’ ‘rlang’
     All declared Imports should be used.
Flavors: r-devel-linux-x86_64-fedora-clang, r-devel-linux-x86_64-fedora-gcc, r-devel-windows-x86_64-gcc10-UCRT, r-patched-solaris-x86, r-release-macos-arm64, r-release-macos-x86_64, r-oldrel-macos-x86_64

Version: 0.5.4
Check: package dependencies
Result: NOTE
    Package suggested but not available for checking: 'BRugs'
Flavors: r-devel-windows-x86_64-gcc10-UCRT, r-patched-solaris-x86, r-release-macos-x86_64, r-oldrel-macos-x86_64

Version: 0.5.4
Check: package dependencies
Result: NOTE
    Packages suggested but not available for checking: 'BRugs', 'rjags'
Flavor: r-release-macos-arm64