Last updated on 2023-09-29 21:53:48 CEST.
Flavor | Version | Tinstall | Tcheck | Ttotal | Status | Flags |
---|---|---|---|---|---|---|
r-devel-linux-x86_64-debian-clang | 0.5.4 | 8.33 | 63.78 | 72.11 | OK | |
r-devel-linux-x86_64-debian-gcc | 0.5.4 | 7.67 | 47.55 | 55.22 | OK | |
r-devel-linux-x86_64-fedora-clang | 0.5.4 | 89.79 | NOTE | |||
r-devel-linux-x86_64-fedora-gcc | 0.5.4 | 86.74 | NOTE | |||
r-devel-windows-x86_64 | 0.5.4 | 9.00 | 66.00 | 75.00 | NOTE | |
r-patched-linux-x86_64 | 0.5.4 | 6.82 | 61.03 | 67.85 | OK | |
r-release-linux-x86_64 | 0.5.4 | 8.50 | 62.26 | 70.76 | OK | |
r-release-macos-arm64 | 0.5.4 | 30.00 | NOTE | |||
r-release-macos-x86_64 | 0.5.4 | 42.00 | NOTE | |||
r-release-windows-x86_64 | 0.5.4 | 13.00 | 73.00 | 86.00 | NOTE | |
r-oldrel-macos-arm64 | 0.5.4 | 28.00 | NOTE | |||
r-oldrel-macos-x86_64 | 0.5.4 | 55.00 | NOTE | |||
r-oldrel-windows-x86_64 | 0.5.4 | 13.00 | 71.00 | 84.00 | NOTE |
Version: 0.5.4
Check: dependencies in R code
Result: NOTE
Namespaces in Imports field not imported from:
‘knitr’ ‘rlang’
All declared Imports should be used.
Flavors: r-devel-linux-x86_64-fedora-clang, r-devel-linux-x86_64-fedora-gcc, r-oldrel-macos-arm64, r-oldrel-macos-x86_64
Version: 0.5.4
Check: package dependencies
Result: NOTE
Package suggested but not available for checking: 'BRugs'
Flavors: r-devel-windows-x86_64, r-release-macos-arm64, r-release-macos-x86_64, r-release-windows-x86_64, r-oldrel-macos-arm64, r-oldrel-windows-x86_64
Version: 0.5.4
Check: package dependencies
Result: NOTE
Packages suggested but not available for checking: 'BRugs', 'rjags'
Flavor: r-oldrel-macos-x86_64