Last updated on 2023-09-24 22:59:33 CEST.
Flavor | Version | Tinstall | Tcheck | Ttotal | Status | Flags |
---|---|---|---|---|---|---|
r-devel-linux-x86_64-debian-clang | 0.1.7 | 13.69 | 102.62 | 116.31 | OK | |
r-devel-linux-x86_64-debian-gcc | 0.1.7 | 10.21 | 75.81 | 86.02 | OK | |
r-devel-linux-x86_64-fedora-clang | 0.1.7 | 136.05 | NOTE | |||
r-devel-linux-x86_64-fedora-gcc | 0.1.7 | 133.94 | NOTE | |||
r-devel-windows-x86_64 | 0.1.7 | 13.00 | 92.00 | 105.00 | OK | |
r-patched-linux-x86_64 | 0.1.7 | 8.31 | 95.30 | 103.61 | OK | |
r-release-linux-x86_64 | 0.1.7 | 8.29 | 97.49 | 105.78 | OK | |
r-release-macos-arm64 | 0.1.7 | 43.00 | OK | |||
r-release-macos-x86_64 | 0.1.7 | 69.00 | OK | |||
r-release-windows-x86_64 | 0.1.7 | 16.00 | 126.00 | 142.00 | OK | |
r-oldrel-macos-arm64 | 0.1.7 | 44.00 | NOTE | |||
r-oldrel-macos-x86_64 | 0.1.7 | 77.00 | NOTE | |||
r-oldrel-windows-x86_64 | 0.1.7 | 17.00 | 110.00 | 127.00 | OK |
Version: 0.1.7
Check: data for non-ASCII characters
Result: NOTE
Note: found 72 marked UTF-8 strings
Flavors: r-devel-linux-x86_64-fedora-clang, r-devel-linux-x86_64-fedora-gcc, r-oldrel-macos-arm64, r-oldrel-macos-x86_64