CRAN Package Check Results for Package bea.R

Last updated on 2020-02-24 22:50:18 CET.

Flavor Version Tinstall Tcheck Ttotal Status Flags
r-devel-linux-x86_64-debian-clang 1.0.6 6.58 51.34 57.92 OK
r-devel-linux-x86_64-debian-gcc 1.0.6 5.12 39.24 44.36 OK
r-devel-linux-x86_64-fedora-clang 1.0.6 68.81 NOTE
r-devel-linux-x86_64-fedora-gcc 1.0.6 66.02 NOTE
r-devel-windows-ix86+x86_64 1.0.6 17.00 67.00 84.00 OK
r-devel-windows-ix86+x86_64-gcc8 1.0.6 28.00 92.00 120.00 OK
r-patched-linux-x86_64 1.0.6 5.31 45.72 51.03 OK
r-patched-solaris-x86 1.0.6 103.30 NOTE
r-release-linux-x86_64 1.0.6 6.24 45.75 51.99 OK
r-release-windows-ix86+x86_64 1.0.6 15.00 55.00 70.00 OK
r-release-osx-x86_64 1.0.6 NOTE
r-oldrel-windows-ix86+x86_64 1.0.6 7.00 62.00 69.00 OK
r-oldrel-osx-x86_64 1.0.6 NOTE

Check Details

Version: 1.0.6
Check: package dependencies
Result: NOTE
    Imports includes 22 non-default packages.
    Importing from so many packages makes the package vulnerable to any of
    them becoming unavailable. Move as many as possible to Suggests and
    use conditionally.
Flavor: r-devel-linux-x86_64-fedora-clang

Version: 1.0.6
Check: dependencies in R code
Result: NOTE
    Namespaces in Imports field not imported from:
     ‘Rcpp’ ‘chron’ ‘colorspace’ ‘gtable’ ‘htmltools’ ‘htmlwidgets’
     ‘httpuv’ ‘magrittr’ ‘munsell’ ‘plyr’ ‘scales’ ‘stringi’ ‘xtable’
     ‘yaml’
     All declared Imports should be used.
Flavors: r-devel-linux-x86_64-fedora-clang, r-devel-linux-x86_64-fedora-gcc, r-patched-solaris-x86, r-release-osx-x86_64, r-oldrel-osx-x86_64