CRAN Package Check Results for Package bea.R

Last updated on 2019-09-18 22:52:32 CEST.

Flavor Version Tinstall Tcheck Ttotal Status Flags
r-devel-linux-x86_64-debian-clang 1.0.6 5.31 46.02 51.33 OK
r-devel-linux-x86_64-debian-gcc 1.0.6 4.94 35.80 40.74 OK
r-devel-linux-x86_64-fedora-clang 1.0.6 62.06 NOTE
r-devel-linux-x86_64-fedora-gcc 1.0.6 60.22 NOTE
r-devel-windows-ix86+x86_64 1.0.6 20.00 89.00 109.00 OK
r-patched-linux-x86_64 1.0.6 5.81 44.20 50.01 OK
r-patched-solaris-x86 1.0.6 97.60 NOTE
r-release-linux-x86_64 1.0.6 4.92 44.80 49.72 OK
r-release-windows-ix86+x86_64 1.0.6 15.00 54.00 69.00 OK
r-release-osx-x86_64 1.0.6 NOTE
r-oldrel-windows-ix86+x86_64 1.0.6 9.00 58.00 67.00 OK
r-oldrel-osx-x86_64 1.0.6 NOTE

Check Details

Version: 1.0.6
Check: dependencies in R code
Result: NOTE
    Namespaces in Imports field not imported from:
     ‘Rcpp’ ‘chron’ ‘colorspace’ ‘gtable’ ‘htmltools’ ‘htmlwidgets’
     ‘httpuv’ ‘magrittr’ ‘munsell’ ‘plyr’ ‘scales’ ‘stringi’ ‘xtable’
     ‘yaml’
     All declared Imports should be used.
Flavors: r-devel-linux-x86_64-fedora-clang, r-devel-linux-x86_64-fedora-gcc, r-patched-solaris-x86, r-release-osx-x86_64, r-oldrel-osx-x86_64