Last updated on 2024-04-18 22:52:33 CEST.
Flavor | Version | Tinstall | Tcheck | Ttotal | Status | Flags |
---|---|---|---|---|---|---|
r-devel-linux-x86_64-debian-clang | 1.1 | 3.10 | 37.94 | 41.04 | NOTE | |
r-devel-linux-x86_64-debian-gcc | 1.1 | 2.65 | 27.10 | 29.75 | NOTE | |
r-devel-linux-x86_64-fedora-clang | 1.1 | 50.99 | NOTE | |||
r-devel-linux-x86_64-fedora-gcc | 1.1 | 49.13 | NOTE | |||
r-prerel-macos-arm64 | 1.1 | 19.00 | OK | |||
r-prerel-windows-x86_64 | 1.1 | 4.00 | 49.00 | 53.00 | OK | |
r-patched-linux-x86_64 | 1.1 | 3.98 | 35.01 | 38.99 | NOTE | |
r-release-linux-x86_64 | 1.1 | 2.78 | 35.98 | 38.76 | NOTE | |
r-release-macos-arm64 | 1.1 | 18.00 | OK | |||
r-release-macos-x86_64 | 1.1 | 28.00 | OK | |||
r-release-windows-x86_64 | 1.1 | 4.00 | 51.00 | 55.00 | OK | |
r-oldrel-macos-arm64 | 1.1 | 19.00 | OK | |||
r-oldrel-windows-x86_64 | 1.1 | 9.00 | 58.00 | 67.00 | OK |
Version: 1.1
Check: for non-standard things in the check directory
Result: NOTE
Found the following files/directories:
‘beast_plot_toy.pdf’
Flavors: r-devel-linux-x86_64-debian-clang, r-devel-linux-x86_64-debian-gcc, r-devel-linux-x86_64-fedora-clang, r-devel-linux-x86_64-fedora-gcc, r-patched-linux-x86_64, r-release-linux-x86_64