CRAN Package Check Results for Package beautier

Last updated on 2021-10-17 22:48:27 CEST.

Flavor Version Tinstall Tcheck Ttotal Status Flags
r-devel-linux-x86_64-debian-clang 2.6.2 13.47 144.28 157.75 OK
r-devel-linux-x86_64-debian-gcc 2.6.2 10.02 109.92 119.94 OK
r-devel-linux-x86_64-fedora-clang 2.6.2 207.50 OK
r-devel-linux-x86_64-fedora-gcc 2.6.2 200.76 OK
r-devel-windows-x86_64 2.6.2 25.00 157.00 182.00 ERROR
r-devel-windows-x86_64-gcc10-UCRT 2.6.2 OK
r-patched-linux-x86_64 2.6.2 18.42 146.38 164.80 OK
r-patched-solaris-x86 2.6.2 223.70 OK
r-release-linux-x86_64 2.6.2 11.96 144.77 156.73 OK
r-release-macos-arm64 2.6.2 OK
r-release-macos-x86_64 2.6.2 OK
r-release-windows-ix86+x86_64 2.6.2 16.00 147.00 163.00 ERROR
r-oldrel-macos-x86_64 2.6.2 OK
r-oldrel-windows-ix86+x86_64 2.6.2 26.00 141.00 167.00 ERROR

Check Details

Version: 2.6.2
Check: examples
Result: ERROR
    Running examples in 'beautier-Ex.R' failed
    The error most likely occurred in:
    
    > ### Name: check_empty_beautier_folder
    > ### Title: Check there are no files in the default beautier folder
    > ### Aliases: check_empty_beautier_folder
    >
    > ### ** Examples
    >
    > check_empty_beautier_folder()
    Error in check_empty_beautier_folder() : Files found in beautier folder.
    beautier_folder: C:\Users\CRAN\AppData\Local/beautier/beautier/Cache
    length(list.files(beautier_folder))): 3
    head(list.files(beautier_folder)): C:\Users\CRAN\AppData\Local/beautier/beautier/Cache/file13670ff35c02,C:\Users\CRAN\AppData\Local/beautier/beautier/Cache/file178c45757dd,C:\Users\CRAN\AppData\Local/beautier/beautier/Cache/fileb9f87bd32678
    Execution halted
Flavors: r-devel-windows-x86_64, r-release-windows-ix86+x86_64, r-oldrel-windows-ix86+x86_64