CRAN Package Check Results for Package beautier

Last updated on 2021-07-29 22:55:51 CEST.

Flavor Version Tinstall Tcheck Ttotal Status Flags
r-devel-linux-x86_64-debian-clang 2.6.2 OK
r-devel-linux-x86_64-debian-gcc 2.6.2 12.78 126.00 138.78 OK
r-devel-linux-x86_64-fedora-clang 2.6.2 222.83 OK
r-devel-linux-x86_64-fedora-gcc 2.6.2 225.72 OK
r-devel-windows-x86_64 2.6.2 17.00 147.00 164.00 ERROR
r-patched-linux-x86_64 2.6.2 17.35 161.94 179.29 OK
r-patched-solaris-x86 2.6.2 241.30 OK
r-release-linux-x86_64 2.6.2 15.00 161.04 176.04 OK
r-release-macos-arm64 2.6.2 OK
r-release-macos-x86_64 2.6.2 OK
r-release-windows-ix86+x86_64 2.6.2 23.00 150.00 173.00 ERROR
r-oldrel-macos-x86_64 2.6.2 OK
r-oldrel-windows-ix86+x86_64 2.6.2 17.00 113.00 130.00 ERROR

Check Details

Version: 2.6.2
Check: examples
Result: ERROR
    Running examples in 'beautier-Ex.R' failed
    The error most likely occurred in:
    
    > ### Name: check_empty_beautier_folder
    > ### Title: Check there are no files in the default beautier folder
    > ### Aliases: check_empty_beautier_folder
    >
    > ### ** Examples
    >
    > check_empty_beautier_folder()
    Error in check_empty_beautier_folder() : Files found in beautier folder.
    beautier_folder: C:\Users\CRAN\AppData\Local/beautier/beautier/Cache
    length(list.files(beautier_folder))): 3
    head(list.files(beautier_folder)): C:\Users\CRAN\AppData\Local/beautier/beautier/Cache/file13670ff35c02,C:\Users\CRAN\AppData\Local/beautier/beautier/Cache/file178c45757dd,C:\Users\CRAN\AppData\Local/beautier/beautier/Cache/fileb9f87bd32678
    Execution halted
Flavors: r-devel-windows-x86_64, r-release-windows-ix86+x86_64, r-oldrel-windows-ix86+x86_64