CRAN Package Check Results for Package behaviorchange

Last updated on 2021-10-23 22:57:41 CEST.

Flavor Version Tinstall Tcheck Ttotal Status Flags
r-devel-linux-x86_64-debian-clang 0.4.3 12.43 98.70 111.13 OK
r-devel-linux-x86_64-debian-gcc 0.4.3 9.83 73.04 82.87 OK
r-devel-linux-x86_64-fedora-clang 0.4.3 144.12 OK
r-devel-linux-x86_64-fedora-gcc 0.4.3 131.58 OK
r-devel-windows-x86_64 0.4.3 20.00 129.00 149.00 OK
r-devel-windows-x86_64-gcc10-UCRT 0.4.3 OK
r-patched-linux-x86_64 0.4.3 19.52 98.74 118.26 OK
r-patched-solaris-x86 0.4.3 152.70 NOTE
r-release-linux-x86_64 0.4.3 12.27 97.40 109.67 OK
r-release-macos-arm64 0.4.3 OK
r-release-macos-x86_64 0.4.3 OK
r-release-windows-ix86+x86_64 0.4.3 15.00 133.00 148.00 OK
r-oldrel-macos-x86_64 0.4.3 OK
r-oldrel-windows-ix86+x86_64 0.4.3 23.00 129.00 152.00 OK

Check Details

Version: 0.4.3
Check: package dependencies
Result: NOTE
    Package suggested but not available for checking: ‘rsvg’
Flavor: r-patched-solaris-x86

Version: 0.4.3
Check: installed package size
Result: NOTE
     installed size is 5.3Mb
     sub-directories of 1Mb or more:
     doc 4.3Mb
Flavor: r-patched-solaris-x86