Last updated on 2024-04-17 22:59:46 CEST.
Flavor | Version | Tinstall | Tcheck | Ttotal | Status | Flags |
---|---|---|---|---|---|---|
r-devel-linux-x86_64-debian-clang | 0.2.5 | 27.17 | 40.16 | 67.33 | NOTE | |
r-devel-linux-x86_64-debian-gcc | 0.2.5 | 20.57 | 31.13 | 51.70 | NOTE | |
r-devel-linux-x86_64-fedora-clang | 0.2.5 | 100.36 | NOTE | |||
r-devel-linux-x86_64-fedora-gcc | 0.2.5 | 91.21 | NOTE | |||
r-prerel-macos-arm64 | 0.2.5 | 27.00 | NOTE | |||
r-prerel-windows-x86_64 | 0.2.5 | 24.00 | 72.00 | 96.00 | NOTE | |
r-patched-linux-x86_64 | 0.2.5 | 24.68 | 39.31 | 63.99 | NOTE | |
r-release-linux-x86_64 | 0.2.5 | 27.44 | 40.62 | 68.06 | NOTE | |
r-release-macos-arm64 | 0.2.5 | 33.00 | NOTE | |||
r-release-macos-x86_64 | 0.2.5 | 48.00 | NOTE | |||
r-release-windows-x86_64 | 0.2.5 | 21.00 | 83.00 | 104.00 | NOTE | |
r-oldrel-macos-arm64 | 0.2.5 | 33.00 | NOTE | |||
r-oldrel-windows-x86_64 | 0.2.5 | 28.00 | 80.00 | 108.00 | NOTE |
Version: 0.2.5
Check: C++ specification
Result: NOTE
Specified C++11: please drop specification unless essential
Flavors: r-devel-linux-x86_64-debian-clang, r-devel-linux-x86_64-debian-gcc, r-devel-linux-x86_64-fedora-clang, r-devel-linux-x86_64-fedora-gcc, r-prerel-macos-arm64, r-prerel-windows-x86_64, r-patched-linux-x86_64, r-release-linux-x86_64, r-release-macos-arm64, r-release-macos-x86_64, r-release-windows-x86_64
Version: 0.2.5
Check: LazyData
Result: NOTE
'LazyData' is specified without a 'data' directory
Flavors: r-devel-linux-x86_64-debian-clang, r-devel-linux-x86_64-debian-gcc, r-devel-linux-x86_64-fedora-clang, r-devel-linux-x86_64-fedora-gcc, r-prerel-macos-arm64, r-prerel-windows-x86_64, r-patched-linux-x86_64, r-release-linux-x86_64, r-release-macos-arm64, r-release-macos-x86_64, r-release-windows-x86_64, r-oldrel-macos-arm64, r-oldrel-windows-x86_64