CRAN Package Check Results for Package benchr

Last updated on 2021-07-31 22:53:21 CEST.

Flavor Version Tinstall Tcheck Ttotal Status Flags
r-devel-linux-x86_64-debian-clang 0.2.5 34.62 38.31 72.93 NOTE
r-devel-linux-x86_64-debian-gcc 0.2.5 18.59 30.33 48.92 NOTE
r-devel-linux-x86_64-fedora-clang 0.2.5 97.10 NOTE
r-devel-linux-x86_64-fedora-gcc 0.2.5 81.05 NOTE
r-devel-windows-x86_64 0.2.5 27.00 79.00 106.00 NOTE
r-devel-windows-x86_64-gcc10-UCRT 0.2.5 ERROR
r-patched-linux-x86_64 0.2.5 NOTE
r-patched-solaris-x86 0.2.5 97.50 NOTE
r-release-linux-x86_64 0.2.5 26.26 35.81 62.07 NOTE
r-release-macos-arm64 0.2.5 NOTE
r-release-macos-x86_64 0.2.5 NOTE
r-release-windows-ix86+x86_64 0.2.5 65.00 95.00 160.00 NOTE
r-oldrel-macos-x86_64 0.2.5 OK
r-oldrel-windows-ix86+x86_64 0.2.5 45.00 118.00 163.00 OK

Check Details

Version: 0.2.5
Check: LazyData
Result: NOTE
     'LazyData' is specified without a 'data' directory
Flavors: r-devel-linux-x86_64-debian-clang, r-devel-linux-x86_64-debian-gcc, r-devel-linux-x86_64-fedora-clang, r-devel-linux-x86_64-fedora-gcc, r-devel-windows-x86_64, r-devel-windows-x86_64-gcc10-UCRT, r-patched-linux-x86_64, r-patched-solaris-x86, r-release-linux-x86_64, r-release-macos-arm64, r-release-macos-x86_64, r-release-windows-ix86+x86_64

Version: 0.2.5
Check: examples
Result: ERROR
    Running examples in 'benchr-Ex.R' failed
    The error most likely occurred in:
    
    > ### Name: benchr
    > ### Title: High Precise Measurement of R Expressions Execution Time
    > ### Aliases: benchr benchr-package
    >
    > ### ** Examples
    >
    > # Benchmark expressions
    > res <- benchmark(
    + rep(1:10, each = 10),
    + rep.int(1:10, rep.int(10, 10))
    + )
    0% 10 20 30 40 50 60 70 80 90 100%
    [----|----|----|----|----|----|----|----|----|----|
    **************************************************|
    Error in benchmark(rep(1:10, each = 10), rep.int(1:10, rep.int(10, 10))) :
     All timed evaluations were either smaller than the estimated
     timer error or zero. The most likely cause is a low resolution clock.
    Execution halted
Flavor: r-devel-windows-x86_64-gcc10-UCRT

Version: 0.2.5
Check: tests
Result: ERROR
     Running 'tinytest.R'
    Running the tests in 'tests/tinytest.R' failed.
    Complete output:
     > if (requireNamespace("tinytest", quietly = TRUE)) {
     + tinytest::test_package("benchr")
     + }
    
     test-benchmark.R.............. 0 tests 0% 10 20 30 40 50 60 70 80 90 100%
     [----|----|----|----|----|----|----|----|----|----|
     **************************************************|
    
     test-benchmark.R.............. 0 tests
     test-benchmark.R.............. 1 tests <1b>[0;32mOK<1b>[0m
     test-benchmark.R.............. 2 tests <1b>[0;32mOK<1b>[0m
     test-benchmark.R.............. 3 tests <1b>[0;32mOK<1b>[0m
     test-benchmark.R.............. 4 tests <1b>[0;32mOK<1b>[0m
     test-benchmark.R.............. 5 tests <1b>[0;32mOK<1b>[0m
     test-benchmark.R.............. 6 tests <1b>[0;32mOK<1b>[0m
     test-benchmark.R.............. 7 tests <1b>[0;32mOK<1b>[0m
     test-benchmark.R.............. 8 tests <1b>[0;32mOK<1b>[0m
     test-benchmark.R.............. 9 tests <1b>[0;31m1 fails<1b>[0m
     test-benchmark.R.............. 10 tests <1b>[0;31m1 fails<1b>[0m
     test-benchmark.R.............. 11 tests <1b>[0;31m1 fails<1b>[0m
     test-benchmark.R.............. 12 tests <1b>[0;31m1 fails<1b>[0m
     test-benchmark.R.............. 13 tests <1b>[0;31m1 fails<1b>[0m
     test-benchmark.R.............. 14 tests <1b>[0;31m1 fails<1b>[0m
     test-benchmark.R.............. 15 tests <1b>[0;31m1 fails<1b>[0m
     test-benchmark.R.............. 16 tests <1b>[0;31m1 fails<1b>[0m
     test-benchmark.R.............. 17 tests <1b>[0;31m1 fails<1b>[0m
     test-benchmark.R.............. 18 tests <1b>[0;31m1 fails<1b>[0m
     test-benchmark.R.............. 19 tests <1b>[0;31m1 fails<1b>[0m
     test-benchmark.R.............. 20 tests <1b>[0;31m1 fails<1b>[0m
     test-benchmark.R.............. 21 tests <1b>[0;31m1 fails<1b>[0m 0% 10 20 30 40 50 60 70 80 90 100%
     [----|----|----|----|----|----|----|----|----|----|
     **************************************************|
    
     test-benchmark.R.............. 21 tests <1b>[0;31m1 fails<1b>[0m
     test-benchmark.R.............. 22 tests <1b>[0;31m1 fails<1b>[0m
     test-benchmark.R.............. 23 tests <1b>[0;31m1 fails<1b>[0m 0% 10 20 30 40 50 60 70 80 90 100%
     [----|----|----|----|----|----|----|----|----|----|
     **************************************************|
    
     test-benchmark.R.............. 23 tests <1b>[0;31m1 fails<1b>[0m
     test-benchmark.R.............. 24 tests <1b>[0;31m1 fails<1b>[0m
     test-benchmark.R.............. 25 tests <1b>[0;31m1 fails<1b>[0m 0% 10 20 30 40 50 60 70 80 90 100%
     [----|----|----|----|----|----|----|----|----|----|
     **************************************************|
    
     test-benchmark.R.............. 25 tests <1b>[0;31m1 fails<1b>[0m
     test-benchmark.R.............. 26 tests <1b>[0;31m1 fails<1b>[0m
     test-benchmark.R.............. 27 tests <1b>[0;31m1 fails<1b>[0m 0% 10 20 30 40 50 60 70 80 90 100%
     [----|----|----|----|----|----|----|----|----|----|
     **************************************************|
    
     test-benchmark.R.............. 27 tests <1b>[0;31m1 fails<1b>[0m
     test-benchmark.R.............. 28 tests <1b>[0;31m1 fails<1b>[0m
     test-benchmark.R.............. 29 tests <1b>[0;31m1 fails<1b>[0m
     test-benchmark.R.............. 30 tests <1b>[0;31m1 fails<1b>[0m <1b>[0;34m0.7s<1b>[0m
    
     test-dots.R................... 0 tests
     test-dots.R................... 1 tests <1b>[0;32mOK<1b>[0m
     test-dots.R................... 2 tests <1b>[0;32mOK<1b>[0m
     test-dots.R................... 3 tests <1b>[0;32mOK<1b>[0m
     test-dots.R................... 4 tests <1b>[0;32mOK<1b>[0m
     test-dots.R................... 5 tests <1b>[0;32mOK<1b>[0m
     test-dots.R................... 6 tests <1b>[0;32mOK<1b>[0m
     test-dots.R................... 7 tests <1b>[0;32mOK<1b>[0m
     test-dots.R................... 8 tests <1b>[0;32mOK<1b>[0m
     test-dots.R................... 9 tests <1b>[0;32mOK<1b>[0m
     test-dots.R................... 10 tests <1b>[0;32mOK<1b>[0m
     test-dots.R................... 11 tests <1b>[0;32mOK<1b>[0m
     test-dots.R................... 12 tests <1b>[0;32mOK<1b>[0m <1b>[0;36m0ms<1b>[0m
    
     test-format.R................. 0 tests 0% 10 20 30 40 50 60 70 80 90 100%
     [----|----|----|----|----|----|----|----|----|----|
     **************************************************|
    
     test-format.R................. 0 tests
     test-format.R................. 0 tests
     test-format.R................. 0 tests
     test-format.R................. 1 tests <1b>[0;32mOK<1b>[0m
     test-format.R................. 2 tests <1b>[0;32mOK<1b>[0m
     test-format.R................. 3 tests <1b>[0;31m1 fails<1b>[0m <1b>[0;34m0.1s<1b>[0m
    
     test-mean.R................... 0 tests 0% 10 20 30 40 50 60 70 80 90 100%
     [----|----|----|----|----|----|----|----|----|----|
     **************************************************|
    
     test-mean.R................... 0 tests
     test-mean.R................... 0 tests
     test-mean.R................... 1 tests <1b>[0;32mOK<1b>[0m
     test-mean.R................... 2 tests <1b>[0;32mOK<1b>[0m
     test-mean.R................... 3 tests <1b>[0;32mOK<1b>[0m
     test-mean.R................... 4 tests <1b>[0;32mOK<1b>[0m
     test-mean.R................... 5 tests <1b>[0;32mOK<1b>[0m
     test-mean.R................... 6 tests <1b>[0;32mOK<1b>[0m
     test-mean.R................... 7 tests <1b>[0;32mOK<1b>[0m
     test-mean.R................... 8 tests <1b>[0;32mOK<1b>[0m
     test-mean.R................... 9 tests <1b>[0;32mOK<1b>[0m
     test-mean.R................... 10 tests <1b>[0;32mOK<1b>[0m 0% 10 20 30 40 50 60 70 80 90 100%
     [----|----|----|----|----|----|----|----|----|----|
     **************************************************|
    
     test-mean.R................... 11 tests <1b>[0;32mOK<1b>[0m
     test-mean.R................... 12 tests <1b>[0;32mOK<1b>[0m
     test-mean.R................... 12 tests <1b>[0;32mOK<1b>[0m
     test-mean.R................... 13 tests <1b>[0;32mOK<1b>[0m
     test-mean.R................... 13 tests <1b>[0;32mOK<1b>[0m
     test-mean.R................... 14 tests <1b>[0;32mOK<1b>[0m
     test-mean.R................... 14 tests <1b>[0;32mOK<1b>[0m
     test-mean.R................... 15 tests <1b>[0;32mOK<1b>[0m
     test-mean.R................... 16 tests <1b>[0;32mOK<1b>[0m
     test-mean.R................... 16 tests <1b>[0;32mOK<1b>[0m
     test-mean.R................... 17 tests <1b>[0;32mOK<1b>[0m
     test-mean.R................... 18 tests <1b>[0;32mOK<1b>[0m 0% 10 20 30 40 50 60 70 80 90 100%
     [----|----|----|----|----|----|----|----|----|----|
     **************************************************|
     Error in benchr::benchmark(1 + 1, times = 5) :
     All timed evaluations were either smaller than the estimated
     timer error or zero. The most likely cause is a low resolution clock.
     Calls: <Anonymous> ... lapply -> FUN -> eval -> eval -> mean -> <Anonymous>
     In addition: There were 46 warnings (use warnings() to see them)
     Execution halted
Flavor: r-devel-windows-x86_64-gcc10-UCRT