Last updated on 2023-09-23 23:00:41 CEST.
Flavor | Version | Tinstall | Tcheck | Ttotal | Status | Flags |
---|---|---|---|---|---|---|
r-devel-linux-x86_64-debian-clang | 0.2.5 | 28.75 | 40.25 | 69.00 | NOTE | |
r-devel-linux-x86_64-debian-gcc | 0.2.5 | 18.94 | 32.96 | 51.90 | NOTE | |
r-devel-linux-x86_64-fedora-clang | 0.2.5 | 95.21 | NOTE | |||
r-devel-linux-x86_64-fedora-gcc | 0.2.5 | 91.30 | NOTE | |||
r-devel-windows-x86_64 | 0.2.5 | 20.00 | 71.00 | 91.00 | NOTE | |
r-patched-linux-x86_64 | 0.2.5 | 25.51 | 38.53 | 64.04 | NOTE | |
r-release-linux-x86_64 | 0.2.5 | 25.18 | 39.07 | 64.25 | NOTE | |
r-release-macos-arm64 | 0.2.5 | 33.00 | NOTE | |||
r-release-macos-x86_64 | 0.2.5 | 48.00 | NOTE | |||
r-release-windows-x86_64 | 0.2.5 | 21.00 | 82.00 | 103.00 | NOTE | |
r-oldrel-macos-arm64 | 0.2.5 | 33.00 | NOTE | |||
r-oldrel-macos-x86_64 | 0.2.5 | 49.00 | NOTE | |||
r-oldrel-windows-x86_64 | 0.2.5 | 28.00 | 80.00 | 108.00 | NOTE |
Version: 0.2.5
Check: C++ specification
Result: NOTE
Specified C++11: please drop specification unless essential
Flavors: r-devel-linux-x86_64-debian-clang, r-devel-linux-x86_64-debian-gcc, r-devel-linux-x86_64-fedora-clang, r-devel-linux-x86_64-fedora-gcc, r-devel-windows-x86_64, r-patched-linux-x86_64, r-release-linux-x86_64, r-release-macos-arm64, r-release-macos-x86_64, r-release-windows-x86_64
Version: 0.2.5
Check: LazyData
Result: NOTE
'LazyData' is specified without a 'data' directory
Flavors: r-devel-linux-x86_64-debian-clang, r-devel-linux-x86_64-debian-gcc, r-devel-linux-x86_64-fedora-clang, r-devel-linux-x86_64-fedora-gcc, r-devel-windows-x86_64, r-patched-linux-x86_64, r-release-linux-x86_64, r-release-macos-arm64, r-release-macos-x86_64, r-release-windows-x86_64, r-oldrel-macos-arm64, r-oldrel-macos-x86_64, r-oldrel-windows-x86_64