CRAN Package Check Results for Package bestridge

Last updated on 2021-08-01 22:49:34 CEST.

Flavor Version Tinstall Tcheck Ttotal Status Flags
r-devel-linux-x86_64-debian-clang 1.0.5 365.90 87.61 453.51 OK
r-devel-linux-x86_64-debian-gcc 1.0.5 351.98 88.40 440.38 OK
r-devel-linux-x86_64-fedora-clang 1.0.5 650.96 NOTE
r-devel-linux-x86_64-fedora-gcc 1.0.5 744.25 OK
r-devel-windows-x86_64 1.0.5 355.00 142.00 497.00 OK
r-devel-windows-x86_64-gcc10-UCRT 1.0.5 OK
r-patched-linux-x86_64 1.0.5 OK
r-patched-solaris-x86 1.0.5 740.90 OK
r-release-linux-x86_64 1.0.5 397.80 110.02 507.82 OK
r-release-macos-arm64 1.0.5 NOTE
r-release-macos-x86_64 1.0.5 NOTE
r-release-windows-ix86+x86_64 1.0.5 985.00 198.00 1183.00 NOTE
r-oldrel-macos-x86_64 1.0.5 NOTE
r-oldrel-windows-ix86+x86_64 1.0.5 668.00 199.00 867.00 NOTE

Check Details

Version: 1.0.5
Check: installed package size
Result: NOTE
     installed size is 64.6Mb
     sub-directories of 1Mb or more:
     data 2.7Mb
     libs 61.3Mb
Flavors: r-devel-linux-x86_64-fedora-clang, r-release-macos-arm64, r-release-macos-x86_64, r-release-windows-ix86+x86_64, r-oldrel-macos-x86_64, r-oldrel-windows-ix86+x86_64