CRAN Package Check Results for Package beyondWhittle

Last updated on 2021-07-30 22:57:17 CEST.

Flavor Version Tinstall Tcheck Ttotal Status Flags
r-devel-linux-x86_64-debian-clang 1.1.1 OK
r-devel-linux-x86_64-debian-gcc 1.1.1 106.01 37.99 144.00 OK
r-devel-linux-x86_64-fedora-clang 1.1.1 302.47 OK
r-devel-linux-x86_64-fedora-gcc 1.1.1 261.07 OK
r-devel-windows-x86_64 1.1.1 178.00 78.00 256.00 OK
r-devel-windows-x86_64-gcc10-UCRT 1.1.1 OK
r-patched-linux-x86_64 1.1.1 OK
r-patched-solaris-x86 1.1.1 241.50 OK
r-release-linux-x86_64 1.1.1 127.29 48.05 175.34 OK
r-release-macos-arm64 1.1.1 NOTE
r-release-macos-x86_64 1.1.1 NOTE
r-release-windows-ix86+x86_64 1.1.1 364.00 64.00 428.00 OK
r-oldrel-macos-x86_64 1.1.1 NOTE
r-oldrel-windows-ix86+x86_64 1.1.1 288.00 93.00 381.00 OK

Check Details

Version: 1.1.1
Check: installed package size
Result: NOTE
     installed size is 6.0Mb
     sub-directories of 1Mb or more:
     libs 5.6Mb
Flavors: r-release-macos-arm64, r-release-macos-x86_64, r-oldrel-macos-x86_64