CRAN Package Check Results for Package beyondWhittle

Last updated on 2020-02-24 22:50:18 CET.

Flavor Version Tinstall Tcheck Ttotal Status Flags
r-devel-linux-x86_64-debian-clang 1.1.1 137.72 44.13 181.85 OK
r-devel-linux-x86_64-debian-gcc 1.1.1 104.28 33.33 137.61 OK
r-devel-linux-x86_64-fedora-clang 1.1.1 261.12 NOTE
r-devel-linux-x86_64-fedora-gcc 1.1.1 252.66 OK
r-devel-windows-ix86+x86_64 1.1.1 279.00 77.00 356.00 OK
r-devel-windows-ix86+x86_64-gcc8 1.1.1 403.00 104.00 507.00 OK
r-patched-linux-x86_64 1.1.1 112.53 39.16 151.69 OK
r-patched-solaris-x86 1.1.1 232.60 OK
r-release-linux-x86_64 1.1.1 126.18 38.78 164.96 OK
r-release-windows-ix86+x86_64 1.1.1 277.00 74.00 351.00 OK
r-release-osx-x86_64 1.1.1 OK
r-oldrel-windows-ix86+x86_64 1.1.1 287.00 78.00 365.00 OK
r-oldrel-osx-x86_64 1.1.1 OK

Check Details

Version: 1.1.1
Check: installed package size
Result: NOTE
     installed size is 5.0Mb
     sub-directories of 1Mb or more:
     libs 4.6Mb
Flavor: r-devel-linux-x86_64-fedora-clang