CRAN Package Check Results for Package bhrcr

Last updated on 2019-09-15 22:49:15 CEST.

Flavor Version Tinstall Tcheck Ttotal Status Flags
r-devel-linux-x86_64-debian-clang 1.0.3 15.36 117.38 132.74 NOTE
r-devel-linux-x86_64-debian-gcc 1.0.3 13.60 90.93 104.53 NOTE
r-devel-linux-x86_64-fedora-clang 1.0.3 157.38 NOTE
r-devel-linux-x86_64-fedora-gcc 1.0.3 156.00 NOTE
r-devel-windows-ix86+x86_64 1.0.3 48.00 192.00 240.00 OK
r-patched-linux-x86_64 1.0.3 13.60 114.31 127.91 OK
r-patched-solaris-x86 1.0.3 230.80 OK
r-release-linux-x86_64 1.0.3 13.26 113.72 126.98 OK
r-release-windows-ix86+x86_64 1.0.3 29.00 125.00 154.00 OK
r-release-osx-x86_64 1.0.3 OK
r-oldrel-windows-ix86+x86_64 1.0.3 30.00 120.00 150.00 OK
r-oldrel-osx-x86_64 1.0.3 OK

Check Details

Version: 1.0.3
Check: for non-standard things in the check directory
Result: NOTE
    Found the following files/directories:
     'PceEstimates' 'mcmcDiagnostics' 'output.csv' 'plots'
Flavors: r-devel-linux-x86_64-debian-clang, r-devel-linux-x86_64-debian-gcc, r-devel-linux-x86_64-fedora-clang, r-devel-linux-x86_64-fedora-gcc