CRAN Package Check Results for Package bigQueryR

Last updated on 2021-09-25 22:53:59 CEST.

Flavor Version Tinstall Tcheck Ttotal Status Flags
r-devel-linux-x86_64-debian-clang 0.5.0 4.97 42.32 47.29 NOTE
r-devel-linux-x86_64-debian-gcc 0.5.0 3.96 32.87 36.83 NOTE
r-devel-linux-x86_64-fedora-clang 0.5.0 65.09 NOTE
r-devel-linux-x86_64-fedora-gcc 0.5.0 54.69 NOTE
r-devel-windows-x86_64 0.5.0 7.00 51.00 58.00 NOTE
r-devel-windows-x86_64-gcc10-UCRT 0.5.0 NOTE
r-patched-linux-x86_64 0.5.0 4.52 40.77 45.29 NOTE
r-patched-solaris-x86 0.5.0 84.50 NOTE
r-release-linux-x86_64 0.5.0 4.96 40.33 45.29 NOTE
r-release-macos-arm64 0.5.0 NOTE
r-release-macos-x86_64 0.5.0 NOTE
r-release-windows-ix86+x86_64 0.5.0 10.00 60.00 70.00 NOTE
r-oldrel-macos-x86_64 0.5.0 OK
r-oldrel-windows-ix86+x86_64 0.5.0 8.00 47.00 55.00 OK

Check Details

Version: 0.5.0
Check: LazyData
Result: NOTE
     'LazyData' is specified without a 'data' directory
Flavors: r-devel-linux-x86_64-debian-clang, r-devel-linux-x86_64-debian-gcc, r-devel-linux-x86_64-fedora-clang, r-devel-linux-x86_64-fedora-gcc, r-devel-windows-x86_64, r-devel-windows-x86_64-gcc10-UCRT, r-patched-linux-x86_64, r-patched-solaris-x86, r-release-linux-x86_64, r-release-macos-arm64, r-release-macos-x86_64, r-release-windows-ix86+x86_64

Version: 0.5.0
Check: Rd cross-references
Result: NOTE
    Undeclared package ‘bigrquery’ in Rd xrefs
Flavor: r-devel-linux-x86_64-fedora-clang