CRAN Package Check Results for Package biglm

Last updated on 2021-06-11 22:54:03 CEST.

Flavor Version Tinstall Tcheck Ttotal Status Flags
r-devel-linux-x86_64-debian-clang 0.9-2.1 3.80 30.95 34.75 NOTE
r-devel-linux-x86_64-debian-gcc 0.9-2.1 2.97 24.26 27.23 NOTE
r-devel-linux-x86_64-fedora-clang 0.9-2.1 50.62 NOTE
r-devel-linux-x86_64-fedora-gcc 0.9-2.1 40.18 NOTE
r-devel-windows-x86_64 0.9-2.1 7.00 48.00 55.00 OK
r-devel-windows-x86_64-gcc10-UCRT 0.9-2.1 OK
r-patched-linux-x86_64 0.9-2.1 3.52 30.15 33.67 NOTE
r-patched-solaris-x86 0.9-2.1 61.30 OK
r-release-linux-x86_64 0.9-2.1 3.28 30.11 33.39 NOTE
r-release-macos-arm64 0.9-2.1 NOTE
r-release-macos-x86_64 0.9-2.1 OK
r-release-windows-ix86+x86_64 0.9-2.1 8.00 56.00 64.00 OK
r-oldrel-macos-x86_64 0.9-2.1 OK
r-oldrel-windows-ix86+x86_64 0.9-2.1 8.00 103.00 111.00 OK

Check Details

Version: 0.9-2.1
Check: R code for possible problems
Result: NOTE
    Found the following calls to data() loading into the global environment:
    File 'biglm/R/bigglm.R':
     data(reset = TRUE)
     data(reset = FALSE)
    See section 'Good practice' in '?data'.
Flavors: r-devel-linux-x86_64-debian-clang, r-devel-linux-x86_64-debian-gcc, r-devel-linux-x86_64-fedora-clang, r-patched-linux-x86_64, r-release-linux-x86_64

Version: 0.9-2.1
Check: compiled code
Result: NOTE
    File ‘biglm/libs/biglm.so’:
     Found no calls to: ‘R_registerRoutines’, ‘R_useDynamicSymbols’
    
    It is good practice to register native routines and to disable symbol
    search.
    
    See ‘Writing portable packages’ in the ‘Writing R Extensions’ manual.
Flavors: r-devel-linux-x86_64-fedora-clang, r-devel-linux-x86_64-fedora-gcc

Version: 0.9-2.1
Check: package dependencies
Result: NOTE
    Package suggested but not available for checking: ‘RODBC’
Flavor: r-release-macos-arm64