Last updated on 2024-04-18 22:52:33 CEST.
Flavor | Version | Tinstall | Tcheck | Ttotal | Status | Flags |
---|---|---|---|---|---|---|
r-devel-linux-x86_64-debian-clang | 0.6.4 | 5.78 | 54.60 | 60.38 | NOTE | |
r-devel-linux-x86_64-debian-gcc | 0.6.4 | 4.16 | 41.36 | 45.52 | NOTE | |
r-devel-linux-x86_64-fedora-clang | 0.6.4 | 76.37 | NOTE | |||
r-devel-linux-x86_64-fedora-gcc | 0.6.4 | 73.26 | NOTE | |||
r-prerel-macos-arm64 | 0.6.4 | 26.00 | NOTE | |||
r-prerel-windows-x86_64 | 0.6.4 | 4.00 | 61.00 | 65.00 | NOTE | |
r-patched-linux-x86_64 | 0.6.4 | 5.74 | 52.34 | 58.08 | NOTE | |
r-release-linux-x86_64 | 0.6.4 | 4.73 | 53.49 | 58.22 | NOTE | |
r-release-macos-arm64 | 0.6.4 | 30.00 | NOTE | |||
r-release-macos-x86_64 | 0.6.4 | 40.00 | NOTE | |||
r-release-windows-x86_64 | 0.6.4 | 6.00 | 68.00 | 74.00 | NOTE | |
r-oldrel-macos-arm64 | 0.6.4 | 27.00 | NOTE | |||
r-oldrel-windows-x86_64 | 0.6.4 | 6.00 | 77.00 | 83.00 | NOTE |
Version: 0.6.4
Check: package dependencies
Result: NOTE
Package suggested but not available for checking: ‘rrelaxiv’
Flavors: r-devel-linux-x86_64-debian-clang, r-devel-linux-x86_64-debian-gcc, r-devel-linux-x86_64-fedora-clang, r-devel-linux-x86_64-fedora-gcc, r-prerel-macos-arm64, r-prerel-windows-x86_64, r-patched-linux-x86_64, r-release-linux-x86_64, r-release-macos-arm64, r-release-macos-x86_64, r-release-windows-x86_64, r-oldrel-macos-arm64, r-oldrel-windows-x86_64