CRAN Package Check Results for Package bigmemory.sri

Last updated on 2019-10-13 22:48:35 CEST.

Flavor Version Tinstall Tcheck Ttotal Status Flags
r-devel-linux-x86_64-debian-clang 0.1.3 1.27 17.34 18.61 NOTE
r-devel-linux-x86_64-debian-gcc 0.1.3 1.15 14.38 15.53 NOTE
r-devel-linux-x86_64-fedora-clang 0.1.3 23.80 NOTE
r-devel-linux-x86_64-fedora-gcc 0.1.3 23.04 NOTE
r-devel-windows-ix86+x86_64 0.1.3 8.00 29.00 37.00 NOTE
r-patched-linux-x86_64 0.1.3 1.20 17.00 18.20 NOTE
r-patched-solaris-x86 0.1.3 37.20 NOTE
r-release-linux-x86_64 0.1.3 1.07 17.32 18.39 NOTE
r-release-windows-ix86+x86_64 0.1.3 4.00 37.00 41.00 NOTE
r-release-osx-x86_64 0.1.3 NOTE
r-oldrel-windows-ix86+x86_64 0.1.3 2.00 27.00 29.00 NOTE
r-oldrel-osx-x86_64 0.1.3 NOTE

Check Details

Version: 0.1.3
Check: DESCRIPTION meta-information
Result: NOTE
    Checking should be performed on sources prepared by 'R CMD build'.
Flavors: r-devel-linux-x86_64-debian-clang, r-devel-linux-x86_64-debian-gcc, r-devel-linux-x86_64-fedora-clang, r-devel-linux-x86_64-fedora-gcc, r-devel-windows-ix86+x86_64, r-patched-linux-x86_64, r-patched-solaris-x86, r-release-linux-x86_64, r-release-windows-ix86+x86_64, r-release-osx-x86_64, r-oldrel-windows-ix86+x86_64, r-oldrel-osx-x86_64