CRAN Package Check Results for Package bigmemory.sri

Last updated on 2020-02-22 22:47:41 CET.

Flavor Version Tinstall Tcheck Ttotal Status Flags
r-devel-linux-x86_64-debian-clang 0.1.3 1.65 18.40 20.05 NOTE
r-devel-linux-x86_64-debian-gcc 0.1.3 1.19 15.00 16.19 NOTE
r-devel-linux-x86_64-fedora-clang 0.1.3 25.71 NOTE
r-devel-linux-x86_64-fedora-gcc 0.1.3 25.21 NOTE
r-devel-windows-ix86+x86_64 0.1.3 6.00 30.00 36.00 NOTE
r-devel-windows-ix86+x86_64-gcc8 0.1.3 8.00 39.00 47.00 NOTE
r-patched-linux-x86_64 0.1.3 NOTE
r-patched-solaris-x86 0.1.3 36.70 NOTE
r-release-linux-x86_64 0.1.3 1.18 17.02 18.20 NOTE
r-release-windows-ix86+x86_64 0.1.3 4.00 37.00 41.00 NOTE
r-release-osx-x86_64 0.1.3 NOTE
r-oldrel-windows-ix86+x86_64 0.1.3 2.00 27.00 29.00 NOTE
r-oldrel-osx-x86_64 0.1.3 NOTE

Check Details

Version: 0.1.3
Check: DESCRIPTION meta-information
Result: NOTE
    Checking should be performed on sources prepared by 'R CMD build'.
Flavors: r-devel-linux-x86_64-debian-clang, r-devel-linux-x86_64-debian-gcc, r-devel-linux-x86_64-fedora-clang, r-devel-linux-x86_64-fedora-gcc, r-devel-windows-ix86+x86_64, r-devel-windows-ix86+x86_64-gcc8, r-patched-linux-x86_64, r-patched-solaris-x86, r-release-linux-x86_64, r-release-windows-ix86+x86_64, r-release-osx-x86_64, r-oldrel-windows-ix86+x86_64, r-oldrel-osx-x86_64