CRAN Package Check Results for Package bigmemory.sri

Last updated on 2021-06-18 22:54:21 CEST.

Flavor Version Tinstall Tcheck Ttotal Status Flags
r-devel-linux-x86_64-debian-clang 0.1.3 1.57 21.79 23.36 NOTE
r-devel-linux-x86_64-debian-gcc 0.1.3 0.96 17.30 18.26 NOTE
r-devel-linux-x86_64-fedora-clang 0.1.3 37.43 NOTE
r-devel-linux-x86_64-fedora-gcc 0.1.3 26.80 NOTE
r-devel-windows-x86_64 0.1.3 3.00 37.00 40.00 NOTE
r-devel-windows-x86_64-gcc10-UCRT 0.1.3 NOTE
r-patched-linux-x86_64 0.1.3 1.34 20.98 22.32 NOTE
r-patched-solaris-x86 0.1.3 43.40 NOTE
r-release-linux-x86_64 0.1.3 1.09 20.98 22.07 NOTE
r-release-macos-arm64 0.1.3 NOTE
r-release-macos-x86_64 0.1.3 NOTE
r-release-windows-ix86+x86_64 0.1.3 3.00 26.00 29.00 NOTE
r-oldrel-macos-x86_64 0.1.3 NOTE
r-oldrel-windows-ix86+x86_64 0.1.3 4.00 37.00 41.00 NOTE

Check Details

Version: 0.1.3
Check: DESCRIPTION meta-information
Result: NOTE
    Checking should be performed on sources prepared by 'R CMD build'.
Flavors: r-devel-linux-x86_64-debian-clang, r-devel-linux-x86_64-debian-gcc, r-devel-linux-x86_64-fedora-clang, r-devel-linux-x86_64-fedora-gcc, r-devel-windows-x86_64, r-devel-windows-x86_64-gcc10-UCRT, r-patched-linux-x86_64, r-patched-solaris-x86, r-release-linux-x86_64, r-release-macos-arm64, r-release-macos-x86_64, r-release-windows-ix86+x86_64, r-oldrel-macos-x86_64, r-oldrel-windows-ix86+x86_64