Last updated on 2023-09-26 23:04:07 CEST.
Flavor | Version | Tinstall | Tcheck | Ttotal | Status | Flags |
---|---|---|---|---|---|---|
r-devel-linux-x86_64-debian-clang | 1.12.2 | 301.67 | 286.58 | 588.25 | OK | |
r-devel-linux-x86_64-debian-gcc | 1.12.2 | 198.89 | 207.89 | 406.78 | OK | |
r-devel-linux-x86_64-fedora-clang | 1.12.2 | 804.97 | OK | |||
r-devel-linux-x86_64-fedora-gcc | 1.12.2 | 773.41 | OK | |||
r-devel-windows-x86_64 | 1.12.2 | 260.00 | 253.00 | 513.00 | OK | |
r-patched-linux-x86_64 | 1.12.2 | 193.86 | 269.35 | 463.21 | OK | |
r-release-linux-x86_64 | 1.12.2 | 200.24 | 269.84 | 470.08 | OK | |
r-release-macos-arm64 | 1.12.2 | 206.00 | NOTE | |||
r-release-macos-x86_64 | 1.12.2 | 327.00 | NOTE | |||
r-release-windows-x86_64 | 1.12.2 | 346.00 | 321.00 | 667.00 | OK | |
r-oldrel-macos-arm64 | 1.12.2 | 199.00 | NOTE | |||
r-oldrel-macos-x86_64 | 1.12.2 | 244.00 | NOTE | |||
r-oldrel-windows-x86_64 | 1.12.2 | 316.00 | 310.00 | 626.00 | OK |
Version: 1.12.2
Check: installed package size
Result: NOTE
installed size is 9.4Mb
sub-directories of 1Mb or more:
libs 8.0Mb
Flavors: r-release-macos-arm64, r-release-macos-x86_64, r-oldrel-macos-arm64, r-oldrel-macos-x86_64
Version: 1.12.2
Check: package dependencies
Result: NOTE
Package suggested but not available for checking: ‘gaston’
Flavor: r-release-macos-x86_64