CRAN Package Check Results for Package bigstatsr

Last updated on 2021-09-18 10:52:34 CEST.

Flavor Version Tinstall Tcheck Ttotal Status Flags
r-devel-linux-x86_64-debian-clang 1.5.1 247.96 228.92 476.88 OK
r-devel-linux-x86_64-debian-gcc 1.5.1 155.53 170.19 325.72 OK
r-devel-linux-x86_64-fedora-clang 1.5.1 637.90 NOTE
r-devel-linux-x86_64-fedora-gcc 1.5.1 558.47 OK
r-devel-windows-x86_64 1.5.1 258.00 249.00 507.00 OK
r-devel-windows-x86_64-gcc10-UCRT 1.5.1 OK
r-patched-linux-x86_64 1.5.1 190.24 212.25 402.49 OK
r-patched-solaris-x86 1.5.1 624.10 OK
r-release-linux-x86_64 1.5.1 191.90 215.71 407.61 OK
r-release-macos-arm64 1.5.1 NOTE
r-release-macos-x86_64 1.5.1 NOTE
r-release-windows-ix86+x86_64 1.5.1 611.00 487.00 1098.00 NOTE
r-oldrel-macos-x86_64 1.5.1 NOTE
r-oldrel-windows-ix86+x86_64 1.5.1 620.00 386.00 1006.00 NOTE

Check Details

Version: 1.5.1
Check: installed package size
Result: NOTE
     installed size is 13.0Mb
     sub-directories of 1Mb or more:
     extdata 2.3Mb
     libs 9.9Mb
Flavors: r-devel-linux-x86_64-fedora-clang, r-release-macos-arm64, r-release-macos-x86_64, r-release-windows-ix86+x86_64, r-oldrel-macos-x86_64, r-oldrel-windows-ix86+x86_64