CRAN Package Check Results for Package bindr

Last updated on 2021-05-06 22:55:13 CEST.

Flavor Version Tinstall Tcheck Ttotal Status Flags
r-devel-linux-x86_64-debian-clang 0.1.1 1.69 22.81 24.50 NOTE
r-devel-linux-x86_64-debian-gcc 0.1.1 1.32 18.32 19.64 NOTE
r-devel-linux-x86_64-fedora-clang 0.1.1 39.79 NOTE
r-devel-linux-x86_64-fedora-gcc 0.1.1 38.85 NOTE
r-devel-windows-ix86+x86_64 0.1.1 3.00 36.00 39.00 NOTE
r-devel-windows-x86_64-gcc10-UCRT 0.1.1 NOTE
r-patched-linux-x86_64 0.1.1 1.64 22.07 23.71 NOTE
r-patched-solaris-x86 0.1.1 46.30 OK
r-release-linux-x86_64 0.1.1 1.76 21.98 23.74 OK
r-release-macos-x86_64 0.1.1 OK
r-release-windows-ix86+x86_64 0.1.1 5.00 32.00 37.00 OK
r-oldrel-macos-x86_64 0.1.1 OK
r-oldrel-windows-ix86+x86_64 0.1.1 3.00 35.00 38.00 OK

Check Details

Version: 0.1.1
Check: LazyData
Result: NOTE
     'LazyData' is specified without a 'data' directory
Flavors: r-devel-linux-x86_64-debian-clang, r-devel-linux-x86_64-debian-gcc, r-devel-linux-x86_64-fedora-clang, r-devel-linux-x86_64-fedora-gcc, r-devel-windows-ix86+x86_64, r-devel-windows-x86_64-gcc10-UCRT, r-patched-linux-x86_64