Last updated on 2024-04-24 23:00:15 CEST.
Flavor | Version | Tinstall | Tcheck | Ttotal | Status | Flags |
---|---|---|---|---|---|---|
r-devel-linux-x86_64-debian-clang | 1.3 | 12.54 | 94.33 | 106.87 | OK | |
r-devel-linux-x86_64-debian-gcc | 1.3 | 9.25 | 68.10 | 77.35 | OK | |
r-devel-linux-x86_64-fedora-clang | 1.3 | 130.54 | NOTE | |||
r-devel-linux-x86_64-fedora-gcc | 1.3 | 122.29 | OK | |||
r-devel-windows-x86_64 | 1.3 | 11.00 | 85.00 | 96.00 | OK | |
r-patched-linux-x86_64 | 1.3 | 13.78 | 88.04 | 101.82 | OK | |
r-release-linux-x86_64 | 1.3 | 13.13 | 88.22 | 101.35 | OK | |
r-release-macos-arm64 | 1.3 | 47.00 | OK | |||
r-release-windows-x86_64 | 1.3 | 10.00 | 85.00 | 95.00 | OK | |
r-oldrel-macos-arm64 | 1.3 | 39.00 | OK | |||
r-oldrel-macos-x86_64 | 1.3 | 66.00 | OK | |||
r-oldrel-windows-x86_64 | 1.3 | 14.00 | 99.00 | 113.00 | OK |
Version: 1.3
Check: Rd cross-references
Result: NOTE
Undeclared package ‘genalg’ in Rd xrefs
Flavor: r-devel-linux-x86_64-fedora-clang