CRAN Package Check Results for Package binomialMix

Last updated on 2021-07-22 22:51:56 CEST.

Flavor Version Tinstall Tcheck Ttotal Status Flags
r-devel-linux-x86_64-debian-clang 1.0.1 5.08 182.12 187.20 OK
r-devel-linux-x86_64-debian-gcc 1.0.1 3.66 149.05 152.71 OK
r-devel-linux-x86_64-fedora-clang 1.0.1 228.95 NOTE
r-devel-linux-x86_64-fedora-gcc 1.0.1 217.75 NOTE
r-devel-windows-x86_64 1.0.1 8.00 185.00 193.00 OK
r-devel-windows-x86_64-gcc10-UCRT 1.0.1 NOTE
r-patched-linux-x86_64 1.0.1 OK
r-patched-solaris-x86 1.0.1 381.20 NOTE
r-release-linux-x86_64 1.0.1 5.01 176.49 181.50 OK
r-release-macos-arm64 1.0.1 NOTE
r-release-macos-x86_64 1.0.1 NOTE
r-release-windows-ix86+x86_64 1.0.1 12.00 184.00 196.00 OK
r-oldrel-macos-x86_64 1.0.1 NOTE
r-oldrel-windows-ix86+x86_64 1.0.1 13.00 240.00 253.00 OK

Check Details

Version: 1.0.1
Check: dependencies in R code
Result: NOTE
    Namespace in Imports field not imported from: ‘lubridate’
     All declared Imports should be used.
Flavors: r-devel-linux-x86_64-fedora-clang, r-devel-linux-x86_64-fedora-gcc, r-devel-windows-x86_64-gcc10-UCRT, r-patched-solaris-x86, r-release-macos-arm64, r-release-macos-x86_64, r-oldrel-macos-x86_64