CRAN Package Check Results for Package binst

Last updated on 2021-12-06 21:51:08 CET.

Flavor Version Tinstall Tcheck Ttotal Status Flags
r-devel-linux-x86_64-debian-clang 0.2.1 2.08 32.49 34.57 NOTE
r-devel-linux-x86_64-debian-gcc 0.2.1 1.65 25.64 27.29 NOTE
r-devel-linux-x86_64-fedora-clang 0.2.1 43.90 NOTE
r-devel-linux-x86_64-fedora-gcc 0.2.1 32.28 NOTE
r-devel-windows-x86_64-new-UL 0.2.1 6.00 63.00 69.00 NOTE
r-devel-windows-x86_64-new-TK 0.2.1 NOTE
r-devel-windows-x86_64-old 0.2.1 4.00 32.00 36.00 NOTE
r-patched-linux-x86_64 0.2.1 2.01 22.83 24.84 NOTE
r-release-linux-x86_64 0.2.1 2.01 30.57 32.58 NOTE
r-release-macos-arm64 0.2.1 NOTE
r-release-macos-x86_64 0.2.1 NOTE
r-release-windows-ix86+x86_64 0.2.1 5.00 43.00 48.00 NOTE
r-oldrel-macos-x86_64 0.2.1 OK
r-oldrel-windows-ix86+x86_64 0.2.1 6.00 41.00 47.00 OK

Check Details

Version: 0.2.1
Check: LazyData
Result: NOTE
     'LazyData' is specified without a 'data' directory
Flavors: r-devel-linux-x86_64-debian-clang, r-devel-linux-x86_64-debian-gcc, r-devel-linux-x86_64-fedora-clang, r-devel-linux-x86_64-fedora-gcc, r-devel-windows-x86_64-new-UL, r-devel-windows-x86_64-new-TK, r-devel-windows-x86_64-old, r-patched-linux-x86_64, r-release-linux-x86_64, r-release-macos-arm64, r-release-macos-x86_64, r-release-windows-ix86+x86_64