Last updated on 2023-09-26 23:04:07 CEST.
Flavor | Version | Tinstall | Tcheck | Ttotal | Status | Flags |
---|---|---|---|---|---|---|
r-devel-linux-x86_64-debian-clang | 2.4-4 | 80.79 | 229.99 | 310.78 | NOTE | |
r-devel-linux-x86_64-debian-gcc | 2.4-4 | 54.63 | 166.33 | 220.96 | NOTE | |
r-devel-linux-x86_64-fedora-clang | 2.4-4 | 408.02 | NOTE | |||
r-devel-linux-x86_64-fedora-gcc | 2.4-4 | 404.18 | NOTE | |||
r-devel-windows-x86_64 | 2.4-4 | 60.00 | 232.00 | 292.00 | NOTE | |
r-patched-linux-x86_64 | 2.4-4 | 85.59 | 214.83 | 300.42 | NOTE | |
r-release-linux-x86_64 | 2.4-4 | 81.66 | 219.83 | 301.49 | NOTE | |
r-release-macos-arm64 | 2.4-4 | 98.00 | NOTE | |||
r-release-macos-x86_64 | 2.4-4 | 186.00 | NOTE | |||
r-release-windows-x86_64 | 2.4-4 | 63.00 | 287.00 | 350.00 | NOTE | |
r-oldrel-macos-arm64 | 2.4-4 | 89.00 | NOTE | |||
r-oldrel-macos-x86_64 | 2.4-4 | 145.00 | NOTE | |||
r-oldrel-windows-x86_64 | 2.4-4 | 106.00 | 265.00 | 371.00 | OK |
Version: 2.4-4
Check: C++ specification
Result: NOTE
Specified C++11: please drop specification unless essential
Flavors: r-devel-linux-x86_64-debian-clang, r-devel-linux-x86_64-debian-gcc, r-devel-linux-x86_64-fedora-clang, r-devel-linux-x86_64-fedora-gcc, r-devel-windows-x86_64, r-patched-linux-x86_64, r-release-linux-x86_64, r-release-macos-arm64, r-release-macos-x86_64, r-release-windows-x86_64
Version: 2.4-4
Check: package dependencies
Result: NOTE
Package suggested but not available for checking: ‘msa’
Flavors: r-release-macos-arm64, r-release-macos-x86_64, r-oldrel-macos-arm64, r-oldrel-macos-x86_64
Version: 2.4-4
Check: installed package size
Result: NOTE
installed size is 6.5Mb
sub-directories of 1Mb or more:
R 1.1Mb
libs 2.8Mb
Flavors: r-release-macos-arm64, r-release-macos-x86_64, r-oldrel-macos-arm64, r-oldrel-macos-x86_64