Last updated on 2023-09-26 23:04:07 CEST.
Flavor | Version | Tinstall | Tcheck | Ttotal | Status | Flags |
---|---|---|---|---|---|---|
r-devel-linux-x86_64-debian-clang | 0.2.1 | 13.01 | 136.49 | 149.50 | NOTE | |
r-devel-linux-x86_64-debian-gcc | 0.2.1 | 9.24 | 102.56 | 111.80 | NOTE | |
r-devel-linux-x86_64-fedora-clang | 0.2.1 | 176.48 | NOTE | |||
r-devel-linux-x86_64-fedora-gcc | 0.2.1 | 190.41 | NOTE | |||
r-devel-windows-x86_64 | 0.2.1 | 12.00 | 120.00 | 132.00 | NOTE | |
r-patched-linux-x86_64 | 0.2.1 | 20.41 | 125.87 | 146.28 | NOTE | |
r-release-linux-x86_64 | 0.2.1 | 8.08 | 128.55 | 136.63 | NOTE | |
r-release-macos-arm64 | 0.2.1 | 60.00 | NOTE | |||
r-release-macos-x86_64 | 0.2.1 | 101.00 | NOTE | |||
r-release-windows-x86_64 | 0.2.1 | 16.00 | 144.00 | 160.00 | NOTE | |
r-oldrel-macos-arm64 | 0.2.1 | 8.00 | ERROR | |||
r-oldrel-macos-x86_64 | 0.2.1 | 97.00 | NOTE | |||
r-oldrel-windows-x86_64 | 0.2.1 | 17.00 | 148.00 | 165.00 | NOTE |
Version: 0.2.1
Check: LazyData
Result: NOTE
'LazyData' is specified without a 'data' directory
Flavors: r-devel-linux-x86_64-debian-clang, r-devel-linux-x86_64-debian-gcc, r-devel-linux-x86_64-fedora-clang, r-devel-linux-x86_64-fedora-gcc, r-devel-windows-x86_64, r-patched-linux-x86_64, r-release-linux-x86_64, r-release-macos-arm64, r-release-macos-x86_64, r-release-windows-x86_64, r-oldrel-macos-x86_64, r-oldrel-windows-x86_64
Version: 0.2.1
Check: package dependencies
Result: ERROR
Package required but not available: ‘MEIGOR’
See section ‘The DESCRIPTION file’ in the ‘Writing R Extensions’
manual.
Flavor: r-oldrel-macos-arm64