CRAN Package Check Results for Package biogeo

Last updated on 2021-12-01 22:53:05 CET.

Flavor Version Tinstall Tcheck Ttotal Status Flags
r-devel-linux-x86_64-debian-clang 1.0 34.25 274.82 309.07 NOTE
r-devel-linux-x86_64-debian-gcc 1.0 26.71 207.11 233.82 NOTE
r-devel-linux-x86_64-fedora-clang 1.0 387.92 NOTE
r-devel-linux-x86_64-fedora-gcc 1.0 372.71 NOTE
r-devel-windows-x86_64-new-UL 1.0 58.00 357.00 415.00 OK
r-devel-windows-x86_64-new-TK 1.0 OK
r-devel-windows-x86_64-old 1.0 50.00 252.00 302.00 OK
r-patched-linux-x86_64 1.0 29.94 264.51 294.45 NOTE
r-patched-solaris-x86 1.0 461.70 NOTE
r-release-linux-x86_64 1.0 28.47 263.70 292.17 NOTE
r-release-macos-arm64 1.0 OK
r-release-macos-x86_64 1.0 OK
r-release-windows-ix86+x86_64 1.0 81.00 368.00 449.00 OK
r-oldrel-macos-x86_64 1.0 OK
r-oldrel-windows-ix86+x86_64 1.0 83.00 365.00 448.00 OK

Check Details

Version: 1.0
Check: for non-standard things in the check directory
Result: NOTE
    Found the following files/directories:
     'pointshape.dbf' 'pointshape.shp' 'pointshape.shx'
Flavors: r-devel-linux-x86_64-debian-clang, r-devel-linux-x86_64-debian-gcc, r-devel-linux-x86_64-fedora-clang, r-devel-linux-x86_64-fedora-gcc, r-patched-linux-x86_64, r-patched-solaris-x86, r-release-linux-x86_64