CRAN Package Check Results for Package biomartr

Last updated on 2020-01-18 22:48:27 CET.

Flavor Version Tinstall Tcheck Ttotal Status Flags
r-devel-linux-x86_64-debian-clang 0.9.2 27.48 205.13 232.61 OK
r-devel-linux-x86_64-debian-gcc 0.9.2 22.53 153.94 176.47 OK
r-devel-linux-x86_64-fedora-clang 0.9.2 284.65 NOTE
r-devel-linux-x86_64-fedora-gcc 0.9.2 281.96 NOTE
r-devel-windows-ix86+x86_64 0.9.2 67.00 300.00 367.00 OK
r-devel-windows-ix86+x86_64-gcc8 0.9.2 55.00 238.00 293.00 OK
r-patched-linux-x86_64 0.9.2 21.19 175.06 196.25 OK
r-patched-solaris-x86 0.9.2 330.60 NOTE
r-release-linux-x86_64 0.9.2 21.64 173.89 195.53 OK
r-release-windows-ix86+x86_64 0.9.2 62.00 280.00 342.00 OK
r-release-osx-x86_64 0.9.2 NOTE
r-oldrel-windows-ix86+x86_64 0.9.2 40.00 237.00 277.00 OK
r-oldrel-osx-x86_64 0.9.2 NOTE

Check Details

Version: 0.9.2
Check: dependencies in R code
Result: NOTE
    Namespace in Imports field not imported from: ‘fs’
     All declared Imports should be used.
Flavors: r-devel-linux-x86_64-fedora-clang, r-devel-linux-x86_64-fedora-gcc, r-patched-solaris-x86, r-release-osx-x86_64, r-oldrel-osx-x86_64