Last updated on 2024-04-22 23:09:45 CEST.
Flavor | Version | Tinstall | Tcheck | Ttotal | Status | Flags |
---|---|---|---|---|---|---|
r-devel-linux-x86_64-debian-clang | 1.0.7 | 0.51 | 2.30 | 2.81 | ERROR | |
r-devel-linux-x86_64-debian-gcc | 1.0.7 | 25.37 | 204.05 | 229.42 | OK | |
r-devel-linux-x86_64-fedora-clang | 1.0.7 | 415.88 | OK | |||
r-devel-linux-x86_64-fedora-gcc | 1.0.7 | 408.88 | OK | |||
r-prerel-macos-arm64 | 1.0.7 | 102.00 | OK | |||
r-prerel-macos-x86_64 | 1.0.7 | 199.00 | OK | |||
r-prerel-windows-x86_64 | 1.0.7 | 25.00 | 224.00 | 249.00 | OK | |
r-patched-linux-x86_64 | 1.0.7 | 18.64 | 267.54 | 286.18 | OK | |
r-release-linux-x86_64 | 1.0.7 | 26.85 | 265.80 | 292.65 | OK | |
r-release-macos-arm64 | 1.0.7 | 117.00 | OK | |||
r-release-macos-x86_64 | 1.0.7 | 294.00 | OK | |||
r-release-windows-x86_64 | 1.0.7 | 33.00 | 287.00 | 320.00 | OK | |
r-oldrel-macos-arm64 | 1.0.7 | 103.00 | OK | |||
r-oldrel-windows-x86_64 | 1.0.7 | 34.00 | 268.00 | 302.00 | OK |
Version: 1.0.7
Check: package dependencies
Result: ERROR
Packages required but not available: 'biomaRt', 'Biostrings'
See section ‘The DESCRIPTION file’ in the ‘Writing R Extensions’
manual.
Flavor: r-devel-linux-x86_64-debian-clang