Last updated on 2024-04-28 22:50:45 CEST.
Flavor | Version | Tinstall | Tcheck | Ttotal | Status | Flags |
---|---|---|---|---|---|---|
r-devel-linux-x86_64-debian-clang | 1.1.1 | 44.48 | 218.25 | 262.73 | OK | |
r-devel-linux-x86_64-debian-gcc | 1.1.1 | 35.39 | 162.80 | 198.19 | OK | |
r-devel-linux-x86_64-fedora-clang | 1.1.1 | 361.62 | NOTE | |||
r-devel-linux-x86_64-fedora-gcc | 1.1.1 | 353.55 | OK | |||
r-devel-windows-x86_64 | 1.1.1 | 38.00 | 179.00 | 217.00 | NOTE | |
r-patched-linux-x86_64 | 1.1.1 | 46.57 | 214.42 | 260.99 | OK | |
r-release-linux-x86_64 | 1.1.1 | 41.55 | 213.01 | 254.56 | OK | |
r-release-macos-arm64 | 1.1.1 | 83.00 | NOTE | |||
r-release-macos-x86_64 | 1.1.1 | 243.00 | NOTE | |||
r-release-windows-x86_64 | 1.1.1 | 39.00 | 180.00 | 219.00 | NOTE | |
r-oldrel-macos-arm64 | 1.1.1 | 95.00 | NOTE | |||
r-oldrel-macos-x86_64 | 1.1.1 | 204.00 | NOTE | |||
r-oldrel-windows-x86_64 | 1.1.1 | 51.00 | 233.00 | 284.00 | NOTE |
Version: 1.1.1
Check: installed package size
Result: NOTE
installed size is 5.5Mb
sub-directories of 1Mb or more:
data 1.6Mb
help 2.6Mb
Flavors: r-devel-linux-x86_64-fedora-clang, r-devel-windows-x86_64, r-release-macos-arm64, r-release-macos-x86_64, r-release-windows-x86_64, r-oldrel-macos-arm64, r-oldrel-macos-x86_64, r-oldrel-windows-x86_64
Version: 1.1.1
Check: Rd cross-references
Result: NOTE
Undeclared package ‘vegan’ in Rd xrefs
Flavor: r-devel-linux-x86_64-fedora-clang