CRAN Package Check Results for Package bios2mds

Last updated on 2021-05-16 22:49:42 CEST.

Flavor Version Tinstall Tcheck Ttotal Status Flags
r-devel-linux-x86_64-debian-clang 1.2.3 9.88 74.60 84.48 OK
r-devel-linux-x86_64-debian-gcc 1.2.3 7.48 58.95 66.43 OK
r-devel-linux-x86_64-fedora-clang 1.2.3 110.93 OK
r-devel-linux-x86_64-fedora-gcc 1.2.3 100.11 OK
r-devel-windows-ix86+x86_64 1.2.3 22.00 78.00 100.00 OK
r-devel-windows-x86_64-gcc10-UCRT 1.2.3 OK
r-patched-linux-x86_64 1.2.3 10.15 73.70 83.85 OK
r-patched-solaris-x86 1.2.3 152.90 OK
r-release-linux-x86_64 1.2.3 9.69 72.14 81.83 OK
r-release-macos-x86_64 1.2.3 OK
r-release-windows-ix86+x86_64 1.2.3 17.00 80.00 97.00 OK
r-oldrel-macos-x86_64 1.2.3 WARN
r-oldrel-windows-ix86+x86_64 1.2.3 18.00 95.00 113.00 OK

Check Details

Version: 1.2.3
Check: whether package can be installed
Result: WARN
    Found the following significant warnings:
     Warning: 'rgl.init' failed, running with 'rgl.useNULL = TRUE'.
Flavor: r-oldrel-macos-x86_64