CRAN Package Check Results for Package biospear

Last updated on 2019-07-21 22:49:50 CEST.

Flavor Version Tinstall Tcheck Ttotal Status Flags
r-devel-linux-x86_64-debian-clang 1.0.2 24.76 176.38 201.14 OK
r-devel-linux-x86_64-debian-gcc 1.0.2 22.91 135.09 158.00 OK
r-devel-linux-x86_64-fedora-clang 1.0.2 236.96 OK
r-devel-linux-x86_64-fedora-gcc 1.0.2 230.92 OK
r-devel-windows-ix86+x86_64 1.0.2 51.00 245.00 296.00 OK
r-patched-linux-x86_64 1.0.2 24.61 170.63 195.24 OK
r-patched-solaris-x86 1.0.2 375.40 OK
r-release-linux-x86_64 1.0.2 26.54 173.27 199.81 OK
r-release-windows-ix86+x86_64 1.0.2 52.00 193.00 245.00 OK
r-release-osx-x86_64 1.0.2 ERROR
r-oldrel-windows-ix86+x86_64 1.0.2 56.00 276.00 332.00 OK
r-oldrel-osx-x86_64 1.0.2 OK

Check Details

Version: 1.0.2
Check: package dependencies
Result: ERROR
    Package required but not available: ‘plsRcox’
    
    See section ‘The DESCRIPTION file’ in the ‘Writing R Extensions’
    manual.
Flavor: r-release-osx-x86_64