CRAN Package Check Results for Package biospear

Last updated on 2019-11-18 22:47:06 CET.

Flavor Version Tinstall Tcheck Ttotal Status Flags
r-devel-linux-x86_64-debian-clang 1.0.2 28.48 187.14 215.62 OK
r-devel-linux-x86_64-debian-gcc 1.0.2 25.63 148.71 174.34 OK
r-devel-linux-x86_64-fedora-clang 1.0.2 273.23 OK
r-devel-linux-x86_64-fedora-gcc 1.0.2 248.19 OK
r-devel-windows-ix86+x86_64 1.0.2 96.00 269.00 365.00 OK
r-patched-linux-x86_64 1.0.2 26.82 173.37 200.19 OK
r-patched-solaris-x86 1.0.2 351.00 ERROR
r-release-linux-x86_64 1.0.2 24.10 172.66 196.76 OK
r-release-windows-ix86+x86_64 1.0.2 56.00 186.00 242.00 OK
r-release-osx-x86_64 1.0.2 OK
r-oldrel-windows-ix86+x86_64 1.0.2 29.00 376.00 405.00 OK
r-oldrel-osx-x86_64 1.0.2 OK

Check Details

Version: 1.0.2
Check: examples
Result: ERROR
    Running examples in ‘biospear-Ex.R’ failed
    The error most likely occurred in:
    
    > ### Name: BMsel
    > ### Title: Biomarker selection in a Cox regression model
    > ### Aliases: BMsel summary.resBMsel
    > ### Keywords: survival biomarker selection prognostic interactions
    >
    > ### ** Examples
    >
    > ########################################
    > # Simulated data set
    > ########################################
    >
    > ## Low calculation time
    > set.seed(654321)
    > sdata <- simdata(
    + n = 500, p = 20, q.main = 3, q.inter = 0,
    + prob.tt = 0.5, alpha.tt = 0,
    + beta.main = -0.8,
    + b.corr = 0.6, b.corr.by = 4,
    + m0 = 5, wei.shape = 1, recr = 4, fu = 2,
    + timefactor = 1)
    >
    > resBM <- BMsel(
    + data = sdata,
    + method = c("lasso", "lasso-pcvl"),
    + inter = FALSE,
    + folds = 5)
    
    Computing selection with method: lasso
    Warning: from glmnet Fortran code (error code -30000); Numerical error at 0th lambda value; solutions for larger values of lambda returned
    Warning in getcoef(fit, nvars, nx, vnames) :
     an empty model has been returned; probably a convergence issue
    Warning: from glmnet Fortran code (error code -30000); Numerical error at 0th lambda value; solutions for larger values of lambda returned
    Warning in getcoef(fit, nvars, nx, vnames) :
     an empty model has been returned; probably a convergence issue
    Warning: from glmnet Fortran code (error code -30000); Numerical error at 0th lambda value; solutions for larger values of lambda returned
    Warning in getcoef(fit, nvars, nx, vnames) :
     an empty model has been returned; probably a convergence issue
    Warning: from glmnet Fortran code (error code -30000); Numerical error at 0th lambda value; solutions for larger values of lambda returned
    Warning in getcoef(fit, nvars, nx, vnames) :
     an empty model has been returned; probably a convergence issue
    Warning: from glmnet Fortran code (error code -30000); Numerical error at 0th lambda value; solutions for larger values of lambda returned
    Warning in getcoef(fit, nvars, nx, vnames) :
     an empty model has been returned; probably a convergence issue
    Warning: from glmnet Fortran code (error code -30000); Numerical error at 0th lambda value; solutions for larger values of lambda returned
    Warning in getcoef(fit, nvars, nx, vnames) :
     an empty model has been returned; probably a convergence issue
    Warning: from glmnet Fortran code (error code -30000); Numerical error at 0th lambda value; solutions for larger values of lambda returned
    Warning in getcoef(fit, nvars, nx, vnames) :
     an empty model has been returned; probably a convergence issue
    Error in coxnet(x, is.sparse, ix, jx, y, weights, offset, alpha, nobs, :
     NA/NaN/Inf in foreign function call (arg 16)
    Calls: BMsel -> lapply -> FUN -> <Anonymous> -> glmnet -> coxnet
    Execution halted
Flavor: r-patched-solaris-x86