CRAN Package Check Results for Package biostat3

Last updated on 2019-08-18 22:46:52 CEST.

Flavor Version Tinstall Tcheck Ttotal Status Flags
r-devel-linux-x86_64-debian-clang 0.1.3 10.43 73.21 83.64 OK
r-devel-linux-x86_64-debian-gcc 0.1.3 9.11 57.02 66.13 OK
r-devel-linux-x86_64-fedora-clang 0.1.3 99.40 NOTE
r-devel-linux-x86_64-fedora-gcc 0.1.3 94.63 OK
r-devel-windows-ix86+x86_64 0.1.3 33.00 130.00 163.00 NOTE
r-patched-linux-x86_64 0.1.3 8.94 70.91 79.85 OK
r-patched-solaris-x86 0.1.3 156.60 NOTE
r-release-linux-x86_64 0.1.3 9.22 69.96 79.18 OK
r-release-windows-ix86+x86_64 0.1.3 24.00 77.00 101.00 NOTE
r-release-osx-x86_64 0.1.3 NOTE
r-oldrel-windows-ix86+x86_64 0.1.3 22.00 116.00 138.00 NOTE
r-oldrel-osx-x86_64 0.1.3 NOTE

Check Details

Version: 0.1.3
Check: installed package size
Result: NOTE
     installed size is 5.5Mb
     sub-directories of 1Mb or more:
     doc 4.9Mb
Flavors: r-devel-linux-x86_64-fedora-clang, r-devel-windows-ix86+x86_64, r-patched-solaris-x86, r-release-windows-ix86+x86_64, r-release-osx-x86_64, r-oldrel-windows-ix86+x86_64, r-oldrel-osx-x86_64