CRAN Package Check Results for Package biostat3

Last updated on 2019-12-11 22:51:02 CET.

Flavor Version Tinstall Tcheck Ttotal Status Flags
r-devel-linux-x86_64-debian-clang 0.1.4 9.71 80.08 89.79 OK
r-devel-linux-x86_64-debian-gcc 0.1.4 9.78 62.07 71.85 OK
r-devel-linux-x86_64-fedora-clang 0.1.4 109.55 NOTE
r-devel-linux-x86_64-fedora-gcc 0.1.4 108.91 OK
r-devel-windows-ix86+x86_64 0.1.4 28.00 123.00 151.00 NOTE
r-devel-windows-ix86+x86_64-gcc8 0.1.4 27.00 131.00 158.00 NOTE
r-patched-linux-x86_64 0.1.4 8.96 72.54 81.50 OK
r-patched-solaris-x86 0.1.4 163.60 NOTE
r-release-linux-x86_64 0.1.4 10.32 71.34 81.66 OK
r-release-windows-ix86+x86_64 0.1.4 25.00 87.00 112.00 NOTE
r-release-osx-x86_64 0.1.4 NOTE
r-oldrel-windows-ix86+x86_64 0.1.4 16.00 83.00 99.00 NOTE
r-oldrel-osx-x86_64 0.1.4 NOTE

Check Details

Version: 0.1.4
Check: installed package size
Result: NOTE
     installed size is 5.6Mb
     sub-directories of 1Mb or more:
     doc 4.7Mb
Flavors: r-devel-linux-x86_64-fedora-clang, r-devel-windows-ix86+x86_64, r-devel-windows-ix86+x86_64-gcc8, r-patched-solaris-x86, r-release-windows-ix86+x86_64, r-release-osx-x86_64, r-oldrel-windows-ix86+x86_64, r-oldrel-osx-x86_64