CRAN Package Check Results for Package bipartite

Last updated on 2020-01-18 22:48:27 CET.

Flavor Version Tinstall Tcheck Ttotal Status Flags
r-devel-linux-x86_64-debian-clang 2.14 29.48 232.24 261.72 OK
r-devel-linux-x86_64-debian-gcc 2.14 21.59 165.96 187.55 OK
r-devel-linux-x86_64-fedora-clang 2.14 303.11 OK
r-devel-linux-x86_64-fedora-gcc 2.14 295.18 OK
r-devel-windows-ix86+x86_64 2.14 71.00 398.00 469.00 NOTE
r-devel-windows-ix86+x86_64-gcc8 2.14 50.00 331.00 381.00 NOTE
r-patched-linux-x86_64 2.14 22.96 201.91 224.87 OK
r-patched-solaris-x86 2.14 325.30 OK
r-release-linux-x86_64 2.14 23.52 200.10 223.62 OK
r-release-windows-ix86+x86_64 2.14 69.00 346.00 415.00 NOTE
r-release-osx-x86_64 2.14 OK
r-oldrel-windows-ix86+x86_64 2.14 52.00 227.00 279.00 NOTE
r-oldrel-osx-x86_64 2.14 OK

Check Details

Version: 2.14
Check: installed package size
Result: NOTE
     installed size is 5.3Mb
     sub-directories of 1Mb or more:
     doc 2.9Mb
     libs 1.5Mb
Flavors: r-devel-windows-ix86+x86_64, r-devel-windows-ix86+x86_64-gcc8, r-release-windows-ix86+x86_64, r-oldrel-windows-ix86+x86_64