CRAN Package Check Results for Package bipartite

Last updated on 2019-08-23 22:49:54 CEST.

Flavor Version Tinstall Tcheck Ttotal Status Flags
r-devel-linux-x86_64-debian-clang 2.13 27.32 207.57 234.89 OK
r-devel-linux-x86_64-debian-gcc 2.13 OK
r-devel-linux-x86_64-fedora-clang 2.13 285.41 OK
r-devel-linux-x86_64-fedora-gcc 2.13 279.35 OK
r-devel-windows-ix86+x86_64 2.13 43.00 396.00 439.00 NOTE
r-patched-linux-x86_64 2.13 21.92 201.11 223.03 OK
r-patched-solaris-x86 2.13 328.60 OK
r-release-linux-x86_64 2.13 23.26 199.93 223.19 OK
r-release-windows-ix86+x86_64 2.13 63.00 357.00 420.00 NOTE
r-release-osx-x86_64 2.13 OK
r-oldrel-windows-ix86+x86_64 2.13 59.00 303.00 362.00 NOTE
r-oldrel-osx-x86_64 2.13 OK

Additional issues

LTO

Check Details

Version: 2.13
Check: installed package size
Result: NOTE
     installed size is 5.4Mb
     sub-directories of 1Mb or more:
     doc 2.9Mb
     libs 1.5Mb
Flavors: r-devel-windows-ix86+x86_64, r-release-windows-ix86+x86_64, r-oldrel-windows-ix86+x86_64